--
-- Host: localhost    Database: mlbsc
-- ------------------------------------------------------

--
-- Table structure for table `actteams`
--

CREATE TABLE actteams (
  user varchar(64) NOT NULL default '',
  team bigint(20) NOT NULL default '0',
  name varchar(64) NOT NULL default '',
  dh char(1) NOT NULL default ''
) TYPE=MyISAM;

--
-- Dumping data for table `actteams`
--

INSERT INTO actteams VALUES ('staro',1,'Starter #1','');
INSERT INTO actteams VALUES ('staro',2,'Starter #2','');
INSERT INTO actteams VALUES ('staro',4,'Staros Mets','');
INSERT INTO actteams VALUES ('staro',3,'Staros Sox','Y');
INSERT INTO actteams VALUES ('bamf226',5,'Bamfs Team','Y');

--
-- Table structure for table `box`
--

CREATE TABLE box (
  visitor varchar(64) NOT NULL default '',
  home varchar(64) NOT NULL default '',
  vruns int(11) NOT NULL default '0',
  hruns int(11) NOT NULL default '0'
) TYPE=MyISAM;

--
-- Dumping data for table `box`
--

INSERT INTO box VALUES ('staro','bamf226',0,2);

--
-- Table structure for table `email`
--

CREATE TABLE email (
  nick varchar(128) NOT NULL default '',
  addr varchar(255) NOT NULL default ''
) TYPE=MyISAM;

--
-- Dumping data for table `email`
--

INSERT INTO email VALUES ('stefan','stefan@starocotes.de');
INSERT INTO email VALUES ('simmel','simmel@ricoh.de');
INSERT INTO email VALUES ('RAtt','rad2x@netzero.net');
INSERT INTO email VALUES ('Jester313','Jester313@neb.rr.com');
INSERT INTO email VALUES ('kingfc22','davidgonzalez3@comcast.net');
INSERT INTO email VALUES ('cloakski','cloakski@mindspring.com');
INSERT INTO email VALUES ('Guyon56','frydryck@nauticom.net');
INSERT INTO email VALUES ('bamf226','jason@jasonwsmith.com');

--
-- Table structure for table `field`
--

CREATE TABLE field (
  game bigint(20) NOT NULL default '0',
  player varchar(16) NOT NULL default '',
  position char(2) NOT NULL default '',
  team int(11) NOT NULL default '0'
) TYPE=MyISAM;

--
-- Dumping data for table `field`
--


--
-- Table structure for table `game`
--

CREATE TABLE game (
  game bigint(20) NOT NULL default '0',
  home bigint(20) NOT NULL default '0',
  visitor bigint(20) NOT NULL default '0',
  ltbvisitor int(11) NOT NULL default '0',
  ltbhome int(11) NOT NULL default '0',
  step int(4) NOT NULL default '0',
  die varchar(10) NOT NULL default '',
  depth varchar(6) NOT NULL default ''
) TYPE=MyISAM;

--
-- Dumping data for table `game`
--


--
-- Table structure for table `inning`
--

CREATE TABLE inning (
  game bigint(20) NOT NULL default '0',
  half char(1) NOT NULL default '',
  inning tinyint(4) NOT NULL default '0',
  outs tinyint(4) NOT NULL default '0'
) TYPE=MyISAM;

--
-- Dumping data for table `inning`
--


--
-- Table structure for table `list`
--

CREATE TABLE list (
  game int(11) NOT NULL default '0',
  home varchar(64) NOT NULL default '',
  visitor varchar(64) NOT NULL default '',
  start bigint(20) NOT NULL default '0'
) TYPE=MyISAM;

--
-- Dumping data for table `list`
--


--
-- Table structure for table `msg`
--

CREATE TABLE msg (
  game bigint(20) NOT NULL default '0',
  time bigint(20) NOT NULL default '0',
  msg varchar(255) NOT NULL default ''
) TYPE=MyISAM;

--
-- Dumping data for table `msg`
--


--
-- Table structure for table `open`
--

CREATE TABLE open (
  ix bigint(20) NOT NULL default '0',
  user varchar(64) NOT NULL default '',
  team bigint(20) NOT NULL default '0',
  depth varchar(6) NOT NULL default ''
) TYPE=MyISAM;

--
-- Dumping data for table `open`
--


--
-- Table structure for table `players`
--

CREATE TABLE players (
  ix varchar(16) NOT NULL default '',
  name varchar(128) NOT NULL default '',
  rarity int(11) NOT NULL default '0',
  speed int(11) NOT NULL default '0',
  defense int(11) NOT NULL default '0',
  endurance int(11) NOT NULL default '0',
  position varchar(16) NOT NULL default '',
  hand varchar(16) NOT NULL default '',
  cost int(11) NOT NULL default '0',
  no varchar(16) NOT NULL default '',
  team varchar(64) NOT NULL default '',
  uniform int(11) NOT NULL default '0',
  start int(11) NOT NULL default '0',
  type char(1) NOT NULL default '0',
  d1 varchar(128) NOT NULL default '',
  d2 varchar(128) NOT NULL default '',
  d3 varchar(128) NOT NULL default '',
  d4 varchar(128) NOT NULL default '',
  intang varchar(128) NOT NULL default '',
  s1 int(11) NOT NULL default '0',
  s2 int(11) NOT NULL default '0',
  s3 int(11) NOT NULL default '0',
  s4 int(11) NOT NULL default '0',
  s5 int(11) NOT NULL default '0',
  s6 int(11) NOT NULL default '0'
) TYPE=MyISAM;

--
-- Dumping data for table `players`
--

INSERT INTO players VALUES ('b04_A001','Carlos Delgado',1,9,4,0,'1B','L',139,'MLB 2004 - A001','Toronto Blue Jays',25,7,'b','HR,HR,2B,FB.R,FB,FB.Y,FB.Y,K,K,GB,1B,','FB.R,GB.S,1B,FB.G,W,FB,FB,FB.G,FB.S,FB.S,K,','FB.R,FB.Y,W.D,W.D,GB.S,GB.S,GB.S,K.O,GB,K,GB,','HR,2B,2B,2B,FB.Y,GB,K,1B,W,W,W,','B,B,S,S,L,L,L,L,,,,',1,3,4,5,6,6);
INSERT INTO players VALUES ('b04_A002','Scott Hatteberg',2,9,4,0,'1B','L',93,'MLB 2004 - A002','Oakland Athetics',10,7,'b','HR,FB,K,K,K,K,FB.G,1B,GB.S,W,GB.S,','FB.S,FB.Y,FB.Y,FB.G,FB.S,FB.S,FB,FB,K.O,FB,K,','FB.G,GB.S,GB.S,GB.S,GB,GB,GB,K.O,GB,K,GB,','2B,2B,1B.P,FB,FB.G,FB.G,1B,1B,FB.S,FB.S,W,','L,L,L,L,L,L,,,,,,',2,3,4,5,6,6);
INSERT INTO players VALUES ('b04_A003','Scott Spiezio',3,10,4,0,'1B/3B','S',92,'MLB 2004 - A003','Anaheim Angels',23,7,'b','HR,W.D,K.O,K.O,K,K,1B,GB.S,GB.S,GB.S,GB.S,','FB.Y,FB.R,FB.Y,FB.Y,FB.S,FB.S,FB,FB,K,K,FB,','2B.P,GB.S,GB.S,GB,GB,GB,GB,K,GB,GB,K,','FB.R,3B,2B.P,1B.P,FB.G,FB.G,1B,FB.S,FB.S,FB.S,FB.S,','L,L,L,,,,,,,,,',1,2,3,4,6,6);
INSERT INTO players VALUES ('b04_A004','Roberto Alomar',1,10,4,0,'2B','S',94,'MLB 2004 - A004','Chicago White Sox',12,7,'b','HR,1B,W.D,1B.P,K,FB.G,1B,1B,FB.S,GB.S,FB.S,','FB.Y,FB.Y,FB.G,FB,FB.S,FB,FB,K.O,K,FB,K,','1B.P,GB.S,GB.S,FB.G,GB,GB.S,GB,GB,GB,K,GB,','2B.P,2B.P,2B.P,K,FB.G,K,1B,1B,FB.S,GB.S,FB.S,','W,W,W,W,W,W,W,W,,,,',1,2,3,4,6,6);
INSERT INTO players VALUES ('b04_A005','Michael Young',2,10,4,0,'2B','R',101,'MLB 2004 - A005','Texas Rangers',10,7,'b','HR,FB.Y,K.O,K,K,K,GB,K,K,K,1B,','FB,2B,FB.Y,FB.Y,FB.G,FB.S,FB.S,FB.S,FB.S,W.D,K,','2B,GB.S,FB,GB,GB.S,W.D,GB.S,W.D,GB,FB,K,','3B,3B,2B.P,1B.P,W,GB.S,FB,K,W.D,W,W,','L,L,L,L,L,W,W,W,,,,',1,1,2,4,6,6);
INSERT INTO players VALUES ('b04_N082','Matt Morris',4,9,0,6,'RSP','R',136,'MLB 2004 - N082','St Louis Cardinals',35,7,'p','GB,GB,GB,W.D,GB.S,FB.G,FB.G,W.D,FB.G,K.O,GB.S,','K,K,FB,K,FB,K.O,FB,FB.S,FB.S,FB.G,FB.G,','K,GB,K,GB,K,GB,GB,K.O,GB.S,GB.S,GB.S,','GB,K,W.D,FB.S,W,FB.S,FB.Y,FB.G,FB.Y,FB.Y,FB.Y,','O,O,Y,Y,Y,B,B,,,,,',1,2,2,3,5,5);
INSERT INTO players VALUES ('b04_A054','Jaime Moyer',2,8,0,6,'LSP','L',123,'MLB 2004 - A001','Seattle Mariners',50,7,'p','FB,K,K,K.O,GB.S,W,FB.G,FB.G,GB.S,GB.S,GB.S,','K,FB,FB,GB,K.O,FB,FB,K.O,FB.G,FB.G,FB.Y,','K,K,K,K,GB,K.O,K.O,GB.S,GB.S,GB.S,FB.G,','FB,FB,W.D,W.D,W,FB.S,FB.S,FB,FB.Y,FB.Y,FB.R,','O,O,B,B,B,B,,,,,,',2,4,4,5,6,6);
INSERT INTO players VALUES ('b04_N070','Craig Biggio',4,10,5,0,'CF','R',111,'MLB 2004 - A001','Houston Astros',7,7,'b','HR,K.O,W,K,K,FB.G,FB.G,W,W,GB.S,W,','FB.Y,FB.Y,FB.G,FB.G,FB.G,FB,K,FB,K,K,K,','1B.P,FB.G,GB.S,GB,GB.S,GB.S,GB,K,GB,K,K,','2B,2B,2B,2B,FB,K,FB.S,1B,FB.S,W,FB.S,','B,B,B,B,C,C,C,,,,,',1,1,2,3,6,6);
INSERT INTO players VALUES ('b04_N071','Roy Oswalt',4,9,0,6,'RSP','R',114,'MLB 2004 - A001','Houston Astros',44,7,'p','GB,GB,W.D,GB,W.D,FB.G,FB.G,FB.Y,2B,W.D,W.D,','K,K,K,FB,FB,K.O,K.O,FB.S,FB.S,FB.G,FB.Y,','K,GB,GB,K,K,GB,GB,W.D,GB.S,GB.S,GB.S,','GB,K,K,W.D,FB.G,FB.S,FB.S,FB.S,FB.Y,FB.R,HR,','O,O,O,O,O,Y,,,,,,',1,2,2,3,5,5);
INSERT INTO players VALUES ('b04_N072','Shawn Green',4,9,4,0,'RF','L',111,'MLB 2004 - A001','Los Angeles Dodgers',15,7,'b','HR,K.O,W,K,2B,GB,GB.S,W,W,GB.S,W,','FB.Y,FB.Y,FB.Y,FB.Y,K.O,FB.S,K.O,FB,K,K,K,','1B.P,FB.G,GB.S,W.D,FB.G,K.O,GB,K,GB,K,K,','2B,2B,2B,2B,K,FB.G,FB.G,1B,FB.S,W,FB.S,','D,D,D,D,B,B,B,,,,,',1,3,4,5,6,6);
INSERT INTO players VALUES ('b04_N073','Hideo Nomo',4,9,0,6,'RSP','R',124,'MLB 2004 - A001','Los Angeles Dodgers',10,7,'p','FB,FB,FB,W,K.O,W.D,W.D,W.D,FB.Y,FB.G,GB.S,','K,K,FB,K,FB,K,FB,FB,W.D,FB.G,FB.Y,','K,K,K,GB,K,GB,GB,GB,GB,GB,FB.G,','GB,GB,GB,K.O,W,FB.S,FB.G,FB.G,FB.G,2B,HR,','O,O,O,O,S,S,S,,,,,',1,2,2,3,5,5);
INSERT INTO players VALUES ('b04_N074','Richie Sexson',4,9,5,0,'1B','R',132,'MLB 2004 - A001','Milwaukee Brewers',11,7,'b','HR,HR,HR,K,FB.Y,GB,FB.Y,W,W,GB.S,W,','FB.R,FB.G,FB.S,FB.Y,K.O,FB.S,K,FB,K,K,K,','2B,FB.Y,FB.G,K.O,FB.G,K.O,GB,K,GB,K,K,','FB.Y,2B,2B,2B,K,FB.Y,W,FB.G,FB.S,FB.S,W,','S,S,S,S,S,S,L,L,,,,',1,2,2,3,6,6);
INSERT INTO players VALUES ('b04_N075','Vladimir Guerrero',4,11,5,0,'RF','R',108,'MLB 2004 - A001','Montreal Expos',27,7,'b','HR,HR,FB.R,FB,K,K,FB.G,1B,1B,1B,GB.S,','FB.R,FB.G,FB.S,FB.Y,FB.Y,FB.G,W.D,FB,K,FB,K,','1B.P,FB.Y,FB.Y,FB.G,GB.S,GB.S,GB.S,W.D,GB,K,K,','2B.P,2B.P,2B,FB.S,W,W.D,FB,FB.S,1B,1B,FB.S,','P,P,P,P,P,P,P,P,,,,',1,2,2,3,6,6);
INSERT INTO players VALUES ('b04_N076','Mike Piazza',4,9,3,0,'C','R',115,'MLB 2004 - A001','New York Mets',31,7,'b','HR,HR,K,K,K.O,FB.Y,FB.G,W,W,GB.S,GB.S,','FB.Y,FB.G,FB.Y,FB.Y,FB.Y,K.O,K.O,FB,K,FB,K,','1B.P,FB.Y,GB.S,GB.S,GB.S,GB,GB,K,GB,K,K,','2B.P,2B,2B,2B,1B.P,FB.S,FB.S,1B,FB.S,W,FB.S,','L,L,L,L,B,B,,,,,,',1,1,2,3,6,6);
INSERT INTO players VALUES ('b04_N077','Kevin Millwood',4,9,0,6,'RSP','R',124,'MLB 2004 - A001','Philadelphia Phillies',34,7,'p','FB,FB,GB,W.D,W,GB.S,FB.G,FB.G,GB.S,GB.S,GB.S,','K,K,FB,GB,K,FB,FB,K.O,FB.G,FB.G,FB.Y,','K,K,K,K,GB,K,K.O,GB.S,GB.S,GB.S,FB.G,','FB,GB,W.D,FB.S,K.O,FB.G,FB.S,FB,FB.Y,FB.Y,FB.R,','O,O,O,Y,Y,S,,,,,,',1,2,2,4,5,5);
INSERT INTO players VALUES ('b04_N078','Jim Thome',4,9,5,0,'1B','L',143,'MLB 2004 - A001','Philadelphia Phillies',25,7,'b','HR,HR,HR,K,K,GB.S,GB.S,1B,GB.S,GB.S,GB.S,','FB.Y,FB.Y,FB.G,FB.Y,FB.G,K.O,K.O,K,K.O,K,K,','FB.R,FB.R,FB.Y,FB.G,K.O,GB,K.O,K,K,K,K,','3B,2B,2B,2B,FB.Y,FB.Y,FB.Y,FB.S,1B,FB.S,FB.S,','S,S,S,S,S,S,S,B,B,,,',2,3,4,5,6,6);
INSERT INTO players VALUES ('b04_N079','Jason Kendall',4,10,4,0,'C','R',111,'MLB 2004 - A001','Pittsburgh Pirates',18,7,'b','FB.R,W,GB.S,GB,FB.G,GB.S,GB,GB,GB.S,GB.S,GB.S,','FB.G,FB.G,FB.G,FB.G,W.D,FB.S,FB.S,FB.S,K.O,FB,K,','1B,1B.P,1B.P,W.D,GB.S,W.D,GB.S,GB.S,GB,K,K,','2B.P,K,K,2B,FB.S,FB.G,FB,FB,W,W,FB.S,','B,B,B,B,B,B,,,,,,',1,1,2,3,6,6);
INSERT INTO players VALUES ('b04_N080','Ryan Klesko',4,9,5,0,'1B','L',108,'MLB 2004 - A001','San Diego Padres',30,7,'b','HR,HR,K,K,FB.Y,GB.S,GB.S,1B,GB.S,GB.S,GB.S,','FB.Y,FB.G,FB.Y,FB.Y,K.O,FB,FB,K,FB,K,K,','1B.P,FB.Y,GB.S,GB.S,FB.G,K.O,K.O,GB,K,K,K,','2B,2B,2B,W.D,K,FB.G,FB.G,FB.S,W,FB.S,FB.S,','D,D,D,D,B,B,,,,,,',1,3,4,5,6,6);
INSERT INTO players VALUES ('b04_N081','J.T. Snow',4,9,5,0,'1B','L',94,'MLB 2004 - A001','San Francisco Giants',6,7,'b','HR,K.O,K.O,K,GB,FB.G,1B,GB.S,W,GB.S,GB.S,','FB.S,FB.Y,FB.Y,FB.Y,FB.S,K.O,FB,K.O,FB,K,K,','FB.G,GB.S,GB.S,GB,K.O,GB.S,K.O,GB,K,GB,K,','2B,2B,2B,2B,FB.G,FB,FB.S,1B,1B,FB.S,FB.S,','D,D,D,D,L,L,,,,,,',1,2,3,5,6,6);
INSERT INTO players VALUES ('b04_N083','Albert Pujols',4,9,4,0,'1B/LF','R',151,'MLB 2004 - A001','St Louis Cardinals',5,7,'b','2B,FB.Y,HR,HR,2B,FB.Y,GB,FB.G,K,K,K,','HR,HR,FB.R,FB.Y,FB.S,W.D,FB.S,W.D,FB.S,FB.S,FB.S,','HR,HR,2B,2B,W.D,GB.S,W.D,GB.S,GB.S,GB.S,GB.S,','2B,2B,FB.Y,FB.G,FB.Y,1B.P,FB.Y,W,K,K,K,','L,L,L,L,L,L,L,L,L,,,',1,2,3,4,6,6);
INSERT INTO players VALUES ('b04_A014','Carlos Lee',2,10,4,0,'LF','R',108,'MLB 2004 - A001','Chicago Cubs',45,7,'b','HR,HR,FB.R,2B,2B,FB.Y,FB.Y,FB.G,FB.S,GB.S,GB.S,','FB.Y,FB.S,GB.S,FB,FB,FB,FB,FB,K,FB,FB,','2B,FB.G,GB.S,GB.S,GB.S,GB,GB,K,GB,K,K,','FB.R,2B,2B,FB.R,FB.Y,FB.Y,1B.P,GB.S,FB.S,GB.S,GB.S,','L,L,L,L,L,L,L,,,,,',1,2,2,3,6,6);
INSERT INTO players VALUES ('b04_N021','Paul Lo Duca',3,9,5,0,'C','R',93,'MLB 2004 - A001','Los Angeles Dodgers',16,7,'b','FB.R,GB,GB,W.D,FB,K,K,1B,1B,GB.S,GB.S,','2B,FB.S,FB.G,FB.S,FB.S,FB.S,FB.S,FB,FB,FB,FB,','FB.Y,GB.S,GB.S,FB.G,FB.G,GB,GB,GB,GB,GB,GB,','HR,FB.Y,2B,FB,GB,FB.G,1B,1B,1B,FB.S,FB.S,','B,B,B,,,,,,,,,',1,3,4,5,6,6);
INSERT INTO players VALUES ('b04_N033','Kerry Wood',2,9,0,6,'RSP','R',137,'MLB 2004 - A001','Chicago Cubs',34,7,'p','K,FB,FB,W,K.O,FB.G,W,FB.Y,GB.S,FB.G,GB.S,','K,K,K,K,FB,K,FB,K,FB,FB.G,FB.Y,','K,K,K,GB,K,GB,K,GB,GB,GB,FB.G,','K,GB,GB,K.O,W,W,FB.Y,FB.S,FB.Y,2B,HR,','O,O,O,O,O,S,S,Y,,,,',1,2,2,3,5,5);
INSERT INTO players VALUES ('b04_N050','Chris Sytnes',2,10,5,0,'3B','R',88,'MLB 2004 - A001','Colorado Rockies',7,7,'b','HR,K,K,K,K,GB.S,GB.S,W,GB.S,W,W,','FB.Y,FB.Y,FB.Y,FB.Y,FB.G,K.O,FB,K,FB,K,K,','1B.P,GB.S,GB.S,GB,GB,GB,K.O,GB,K,GB,K,','3B,2B.P,2B,2B,1B.P,FB.G,FB.S,FB.S,W,FB.S,W,','L,L,L,L,,,,,,,,',1,2,2,3,6,6);
INSERT INTO players VALUES ('b04_A025','Angel Berroa',1,11,3,0,'SS','R',92,'MLB 2004 - A001','Kansas City Royals',4,7,'b','HR,W,W.D,K,FB,K,GB,1B,W,W.D,GB.S,','FB.G,FB.Y,FB.Y,FB.G,FB.G,FB.G,FB.S,FB,K.O,FB,K,','2B,GB.S,GB.S,GB.S,GB.S,GB,GB,GB,GB,K,GB,','3B,2B.P,1B.P,GB,GB,1B.P,FB.G,1B,1B,GB.S,FB.S,','R,R,R,R,W,W,W,,,,,',1,2,2,3,6,6);
INSERT INTO players VALUES ('b04_N013','Adam Dunn',1,10,3,0,'LF','L',86,'MLB 2004 - A001','Cincinnati Reds',44,7,'b','FB.G,W.D,FB,K,K,FB.Y,FB.G,GB.S,FB.S,FB.S,FB.S,','FB.R,FB.R,FB.R,FB.Y,FB.S,K,FB,K,FB,K,K,','FB.Y,GB.S,GB.S,GB.S,GB,FB,K,FB,K,K,K,','HR,HR,W.D,W.D,FB.Y,1B.P,1B,GB.S,GB.S,GB.S,GB.S,','S,S,S,S,,,,,,,,',2,3,4,5,6,6);
INSERT INTO players VALUES ('b04_A017','Bernie Williams',2,10,5,0,'CF','S',108,'MLB 2004 - A001','New York Yankees',51,7,'b','HR,HR,K.O,K.O,K,K,K,W,1B,FB.S,W,','FB.Y,FB.G,FB.Y,FB.G,FB.G,FB.S,FB.S,FB,FB,K,FB,','FB.R,FB.R,GB.S,GB.S,GB,GB,GB,GB,GB,GB,K,','FB.G,W.D,2B,K.O,1B.P,FB.G,FB.G,1B,W,W,W.D,','C,C,C,C,C,C,C,C,,,,',1,2,3,4,6,6);
INSERT INTO players VALUES ('b04_N018','Jose Cruz',3,10,5,0,'RF','S',111,'MLB 2004 - A001','San Francisco Giants',22,7,'b','HR,W,K,FB.Y,K,FB.G,W,1B,GB.S,W,GB.S,','FB.Y,FB.Y,FB.Y,W.D,FB.G,K,FB,K,FB,K,FB,','1B.P,FB.G,W.D,FB.G,K.O,GB.S,K,GB,K,GB,K,','2B,2B,FB.G,K,1B.P,FB,FB.G,W,W,FB.S,W,','P,P,P,P,P,P,P,P,,,,',1,2,3,4,6,6);
INSERT INTO players VALUES ('b04_A034','Jason Varitek',1,9,4,0,'C','S',104,'MLB 2004 - A001','Boston Red Sox',33,7,'b','HR,HR,K.O,K,K,K,1B,W,W,FB.S,W,','FB.S,FB.S,FB.Y,FB.Y,FB.G,FB.S,FB,FB,FB,K,FB,','FB.R,FB.R,GB.S,GB,GB,GB,GB,K,K,GB,K,','FB.G,K,W.D,2B.P,1B.P,FB.Y,FB.G,1B,1B,W.D,W.D,','B,B,B,B,L,,,,,,,',1,2,3,4,6,6);
INSERT INTO players VALUES ('b04_N003','Jeff Bagwell',3,10,4,0,'1B','R',128,'MLB 2004 - A001','Houston Astros',5,7,'b','HR,W.D,GB,K,K,K,K,1B,1B,FB.S,W,','FB.G,FB.R,FB.Y,FB.Y,FB.Y,FB.S,FB.S,K,K,K,K,','FB.R,GB.S,GB.S,GB.S,GB,GB,GB,GB,GB,GB,GB,','W,HR,W,W,2B,FB.Y,FB.G,W,W,W.D,W.D,','S,S,S,S,S,B,B,B,,,,',1,2,3,3,6,6);
INSERT INTO players VALUES ('b04_N048','Mark Loretta',2,9,5,0,'2B','R',107,'MLB 2004 - A001','San Diego Padres',8,7,'b','FB.G,FB.Y,FB.G,GB,GB,GB,GB,K,K,K,K,','FB.Y,FB.G,1B.P,1B.P,FB.S,FB.S,FB.S,FB.S,FB.S,W.D,W.D,','1B,GB.S,FB,FB,GB.S,GB.S,GB.S,GB.S,GB,GB,K,','HR,HR,2B,FB.G,FB.G,FB.G,FB,FB,W,1B,W,','L,L,L,L,L,,,,,,,',1,2,2,3,6,6);
INSERT INTO players VALUES ('b04_A040','Eric Chavez',1,10,4,0,'3B','L',98,'MLB 2004 - A001','Oakland Athetics',3,7,'b','HR,HR,W.D,K.O,K.O,K,K,1B,W,GB.S,W,','FB.G,FB.S,FB.Y,FB.Y,FB.G,FB.S,FB.S,FB,K,FB,K,','FB.R,FB.Y,GB.S,GB.S,GB,GB,GB,GB,GB,K,GB,','W,W,GB,GB,1B.P,FB.G,FB.G,1B,FB.S,W,W.D,','S,S,L,L,,,,,,,,',2,3,4,5,6,6);
INSERT INTO players VALUES ('b04_N037','Rafael Furcal',1,12,4,0,'SS','S',136,'MLB 2004 - A001','Atlanta Braves',1,7,'b','HR,K,K,K,FB,FB,K,K,1B,1B,1B,','FB.G,FB.G,FB.G,FB.G,GB.S,GB.S,GB.S,GB.S,K,K,K,','2B,GB,GB.S,GB.S,FB.G,FB.G,FB,FB,GB,GB,GB,','3B,2B.P,W.D,W.D,K,K,W.D,W.D,W,W,W,','R,R,R,R,R,C,C,C,,,,',1,2,3,4,6,6);
INSERT INTO players VALUES ('b04_N004','Steve Finely',1,11,4,0,'CF','L',96,'MLB 2004 - A001','Arizona Diamondbacks',12,7,'b','HR,FB.R,FB.Y,2B.P,FB.Y,1B.P,GB.S,W,GB.S,GB.S,GB.S,','FB.Y,FB.G,FB.S,FB,FB.G,FB,K.O,FB,K,FB,K,','1B.P,FB.Y,GB,FB.Y,GB,GB,GB,K,GB,K,GB,','3B,3B,3B,K.O,1B.P,FB.Y,1B,1B,FB.S,FB.S,FB.S,','P,P,P,P,C,C,,,,,,',2,3,4,5,6,6);
INSERT INTO players VALUES ('b04_A059','Jay Gibbons',2,9,4,0,'RF','L',100,'MLB 2004 - A001','Baltimore Orioles',25,7,'b','HR,2B,FB.G,FB.Y,FB.Y,FB.G,1B.P,GB.S,FB.S,GB.S,FB.S,','FB.Y,FB.S,FB.S,FB.S,FB.S,FB,FB,FB,K,FB,FB,','2B,FB.Y,GB.S,GB.S,GB.S,GB,GB,K,GB,K,K,','FB.R,FB.G,2B.P,FB.G,2B,1B.P,1B.P,GB.S,FB.S,GB.S,FB.S,','L,L,L,L,L,,,,,,,',1,2,3,5,6,6);
INSERT INTO players VALUES ('b04_N060','Gary Sheffield',2,10,4,0,'RF','R',136,'MLB 2004 - A001','Atlanta Braves',11,7,'b','HR,HR,HR,FB,K,K,K,1B,1B,1B,GB.S,','FB.R,FB.G,FB.G,FB.Y,FB.G,FB.G,FB.S,FB,K,FB,K,','1B.P,FB.Y,FB.Y,FB.G,GB.S,GB.S,GB.S,K.O,GB,K,K,','2B,2B,2B,FB.S,FB.Y,FB.G,FB,W,1B,1B,FB.S,','S,S,S,S,S,S,L,L,,,,',1,1,2,3,5,5);
INSERT INTO players VALUES ('b04_N061','Luis Gonzalez',4,9,4,0,'LF','L',132,'MLB 2004 - A001','Arizona Diamondbacks',20,7,'b','HR,HR,FB.G,W.D,K,K,FB.G,1B,GB.S,1B,1B,','FB.Y,FB.Y,FB.Y,FB.Y,FB.G,FB.G,K.O,FB,K.O,FB,K,','1B.P,GB.S,GB.S,FB.G,W.D,W.D,GB.S,K.O,GB,K.O,K,','3B,2B.P,2B.P,2B,FB.S,FB.S,FB,FB.S,1B,FB.S,1B,','L,L,L,L,B,B,B,B,,,,',2,3,4,5,6,6);
INSERT INTO players VALUES ('b04_N062','Randy Johnson',4,9,0,7,'LSP','R',137,'MLB 2004 - A001','Arizona Diamondbacks',51,7,'p','K,GB,GB,W.D,GB.S,FB.G,FB.G,GB.S,1B,2B,GB.S,','K,K,K,K,FB,K,K,FB,FB.S,FB.G,FB.G,','K,K,K,GB,K,GB,GB,GB,GB,GB.S,GB.S,','K,GB,GB,FB.S,W.D,FB.S,FB.S,FB.G,FB.Y,FB.Y,FB.Y,','S,O,O,O,O,,,,,,,',2,4,4,5,6,6);
INSERT INTO players VALUES ('b04_N064','Greg Maddux',4,9,0,6,'RSP','R',134,'MLB 2004 - A001','Atlanta Braves',31,7,'p','GB,K,W.D,W.D,GB.S,GB.S,K.O,1B.P,FB.R,K.O,W.D,','K,GB,K,K,FB,K.O,FB.S,FB.S,FB.S,FB.Y,FB.Y,','K,GB,GB,GB,K,GB,GB,GB.S,GB.S,GB.S,GB.S,','GB,K,FB,FB.S,FB.S,FB.R,FB.Y,FB.Y,FB.Y,FB.R,HR,','O,O,O,B,B,B,B,,,,,',1,2,2,3,5,5);
INSERT INTO players VALUES ('b04_N065','Mark Prior',4,9,0,7,'RSP','R',155,'MLB 2004 - A001','Chicago Cubs',22,7,'p','FB,FB,K.O,GB.S,K.O,W,GB.S,FB.G,W.D,GB.S,GB.S,','K,K,FB,K,FB,K,FB,K,FB.G,FB.G,FB.Y,','K,K,K,GB,K,GB,K,GB,GB,FB.S,GB.S,','GB,GB,FB.S,K.O,FB.S,FB.S,W,FB.S,1B.P,FB.Y,FB.R,','O,O,O,O,O,S,S,,,,,',1,2,2,3,5,5);
INSERT INTO players VALUES ('b04_N066','Sammy Sosa',4,9,3,0,'RF','R',112,'MLB 2004 - A001','Chicago Cubs',21,7,'b','HR,HR,HR,K,GB.S,K,FB.G,K,1B,1B,GB.S,','FB.Y,FB.Y,FB.G,FB.Y,K.O,FB.G,K.O,FB.S,K,K,K,','1B.P,1B.P,FB.Y,K.O,FB.Y,K.O,GB.S,K,GB.S,K,K,','2B,K,2B,1B.P,K,FB.S,K,1B,FB,1B,FB.S,','S,S,S,S,S,S,S,S,,,,',1,2,2,3,6,6);
INSERT INTO players VALUES ('b04_N067','Austin Kearns',4,10,4,0,'OF','R',88,'MLB 2004 - A001','Cincinnati Reds',28,7,'b','HR,K.O,K,K,K,FB.Y,1B,W,W,GB.S,GB.S,','FB.G,FB.R,FB.Y,FB.Y,FB.G,K.O,K,FB,K,FB,K,','FB.Y,GB.S,GB.S,GB.S,K.O,GB,GB,K,GB,K,K,','2B,2B,2B,W.D,FB.Y,1B,FB.S,1B,FB.S,W,FB.S,','L,L,L,L,L,L,,,,,,',1,1,2,3,6,6);
INSERT INTO players VALUES ('b04_N068','Larry Walker',4,10,4,0,'RF','L',119,'MLB 2004 - A001','Colorado Rockies',33,7,'b','HR,FB.Y,FB.Y,K,2B,GB,GB.S,1B,GB.S,GB.S,GB.S,','FB.Y,FB.G,FB.S,FB.Y,K.O,FB.S,K.O,FB,K,FB,K,','1B.P,FB.Y,GB,W.D,FB.Y,K.O,GB,K.O,GB,K,GB,','3B,3B,3B,2B.P,K,FB.G,FB.G,FB.S,FB.S,FB.S,FB.S,','D,D,D,D,L,L,L,L,,,,',1,3,4,5,6,6);
INSERT INTO players VALUES ('b04_N069','Ivan Rodriguez',4,9,6,0,'C','R',137,'MLB 2004 - A001','Florida Marlins',7,7,'b','HR,K.O,GB.S,K,K,K,1B,1B,GB.S,W,GB.S,','FB.Y,FB.Y,1B,FB.Y,FB.G,FB.G,FB,K,FB,K,K,','1B.P,GB.S,FB.G,W.D,GB.S,GB.S,GB,GB,K,GB,K,','3B,2B.P,2B.P,2B,FB,FB,FB.G,W,1B,FB.S,FB.S,','L,L,L,L,L,B,B,B,B,,,',1,1,2,3,6,6);
INSERT INTO players VALUES ('b04_A065','Pedro Martinez',4,9,0,6,'RSP','R',144,'MLB 2004 - A001','Boston Red Sox',45,7,'p','K,GB,GB,GB.S,GB.S,GB.S,K,K.O,W.D,FB.G,GB.S,','K,K,K,K,K,K,FB,FB,FB,FB.S,FB.G,','K,GB,GB,GB,GB,GB,GB,GB,GB,GB,GB.S,','K,K,K,FB,FB,K.O,K.O,FB.S,FB.S,1B.P,FB.Y,','O,O,O,O,O,S,S,S,,,,',1,2,2,3,5,5);
INSERT INTO players VALUES ('b04_A066','Nomar Garciaparra',4,11,5,0,'SS','R',126,'MLB 2004 - A001','Boston Red Sox',5,7,'b','HR,HR,FB.R,K.O,GB,K,GB.S,GB,GB.S,K,K,','FB.R,FB.Y,1B,FB.Y,FB.G,FB.G,K.O,FB.S,K.O,FB.S,FB.S,','1B.P,GB.S,W.D,FB,GB.S,GB.S,GB.S,K.O,GB,K,K,','3B,3B,3B,2B.P,FB.Y,W.D,FB,FB.S,W,W,W,','B,B,B,B,B,C,C,C,,,,',1,2,2,3,5,5);
INSERT INTO players VALUES ('b04_A067','Magglio Ordonez',4,10,5,0,'RF','R',128,'MLB 2004 - A001','Chicago White Sox',30,7,'b','HR,HR,FB.Y,K.O,K,K,FB.G,K,K,K,K,','FB.Y,FB.G,1B,FB.Y,FB.Y,FB.S,K.O,FB.S,FB.S,FB.S,FB.S,','FB.R,FB.Y,FB,FB,GB.S,K.O,GB.S,K.O,GB,K,K,','3B,2B,2B,2B,2B,FB.Y,FB,FB.S,1B,W,W,','D,D,D,D,D,D,D,,,,,',1,2,2,3,6,6);
INSERT INTO players VALUES ('b04_A068','Bartolo Colon',4,8,0,7,'RSP','R',130,'MLB 2004 - A001','Chicago White Sox',40,7,'p','FB,FB,K,W.D,GB.S,GB.S,FB.G,FB.Y,GB.S,GB.S,GB.S,','K,K,FB,GB,K,FB,FB,K.O,FB.G,FB.Y,FB.Y,','K,K,K,K,GB,K,K.O,GB.S,GB.S,GB.S,FB.G,','FB,FB,W.D,FB.S,K.O,FB.G,FB.S,FB,FB.Y,FB.R,HR,','O,O,O,O,S,S,,,,,,',1,2,2,3,5,5);
INSERT INTO players VALUES ('b04_A069','Omar Vizquel',4,11,6,0,'SS','S',112,'MLB 2004 - A001','Cleveland Indians',13,7,'b','HR,W,GB,W.D,GB,FB.G,1B,1B,GB.S,W,GB.S,','FB.Y,FB.Y,FB.Y,FB.G,FB.S,K.O,FB,K,FB,K,FB,','FB.R,GB.S,GB.S,GB.S,GB,GB.S,K.O,GB,K,GB,K,','3B,3B,2B,2B,FB.G,FB,FB.S,FB.S,K,FB.S,K,','R,R,W,W,W,W,W,W,,,,',1,2,3,4,6,6);
INSERT INTO players VALUES ('b04_A070','Bobby Higginson',4,10,4,0,'RF','L',78,'MLB 2004 - A001','Detroit Tigers',4,7,'b','HR,GB,K,FB.Y,1B.P,GB.S,FB.G,W,GB.S,GB.S,GB.S,','FB.G,FB.Y,FB.Y,FB,FB,K.O,FB,K,FB,K,K,','FB.Y,FB.G,GB.S,GB,GB,GB,K.O,GB,K,GB,K,','2B,2B,1B.P,1B.P,FB.G,FB.G,FB.S,FB.S,W,W,FB.S,','C,C,C,C,C,,,,,,,',2,3,4,5,6,6);
INSERT INTO players VALUES ('b04_A071','Mike Sweeney',4,9,3,0,'1B','R',101,'MLB 2004 - A001','Kansas City Royals',29,7,'b','HR,HR,FB,FB,FB,FB.G,GB,GB.S,K,K,K,','FB.Y,FB.G,FB.Y,FB.Y,FB.Y,W.D,FB.S,K.O,FB.S,FB.S,FB.S,','FB.R,GB.S,GB,GB,GB.S,GB.S,W.D,GB.S,GB,GB,K,','2B,2B,2B,2B,FB.G,FB,FB.G,FB,1B,1B,1B,','L,L,L,L,B,B,B,,,,,',1,1,2,3,6,6);
INSERT INTO players VALUES ('b04_A072','Torii Hunter',4,10,5,0,'CF','R',112,'MLB 2004 - A001','Minnesota Twins',48,7,'b','HR,K,K,K,FB.G,FB.Y,2B,GB.S,W,GB.S,W,','FB.Y,FB.R,FB.Y,FB.G,K.O,FB,K,FB,K,FB,K,','FB.R,GB.S,FB.G,GB.S,GB,K.O,GB,K,GB,K,GB,','3B,3B,K.O,K.O,FB.Y,FB.S,FB.S,W,FB.S,W,FB.S,','C,C,C,C,C,C,C,C,,,,',1,2,3,4,6,6);
INSERT INTO players VALUES ('b04_A073','Alfonso Soriano',4,12,3,0,'2B','R',108,'MLB 2004 - A001','New York Yankees',12,7,'b','HR,FB.Y,K,K,K,GB.S,K,1B,W,W,GB.S,','FB.Y,FB.S,FB.Y,FB.Y,FB.G,K.O,FB.S,K,FB,K,FB,','FB.R,FB.G,GB.S,GB.S,GB,GB,K,GB,K,GB,K,','3B,3B,FB,FB,2B,FB.Y,1B.P,W,1B,FB.S,W,','R,R,R,R,R,,,,,,,',1,1,2,3,6,6);
INSERT INTO players VALUES ('b04_A074','Mike Mussina',4,9,0,7,'RSP','L',138,'MLB 2004 - A001','New York Yankees',35,7,'p','FB,K,K.O,W.D,K,K,GB.S,FB.G,FB.G,2B,GB.S,','K,FB,FB,K,FB,FB,FB,K.O,FB.S,FB.G,FB.G,','K,K,K,GB,K,K.O,GB,GB,GB.S,GB.S,GB.S,','FB,FB,W.D,FB,FB.S,FB.S,FB.G,FB.S,1B,FB.Y,FB.R,','O,O,O,O,O,,,,,,,',2,4,4,5,6,6);
INSERT INTO players VALUES ('b04_A075','Derek Jeter',4,11,5,0,'SS','R',124,'MLB 2004 - A001','New York Yankees',2,7,'b','HR,1B,K.O,W.D,GB,W.D,GB,K,1B,1B,GB.S,','FB.Y,FB.Y,FB.Y,FB.G,FB.G,FB.S,FB.S,FB.S,K,FB,K,','1B.P,GB.S,FB.G,GB,GB.S,GB.S,GB.S,K.O,GB,K,K,','3B,3B,2B,2B,K,K,K,K,K,K,K,','B,B,B,B,B,B,W,W,,,,',1,2,3,4,6,6);
INSERT INTO players VALUES ('b04_A076','Barry Zito',4,9,0,6,'LSP','L',102,'MLB 2004 - A001','Oakland Athetics',75,7,'p','FB,FB,K,K,K,K,K.O,GB.S,1B.P,2B,K.O,','K,K,FB,FB,FB,FB,FB,FB,FB,FB,FB.G,','K,K,K,K,K,GB,GB,GB,GB.S,GB.S,GB.S,','FB,FB,FB,FB.S,FB.S,K.O,W.D,FB.S,FB.G,FB.G,FB.G,','O,O,O,O,,,,,,,,',2,4,4,5,6,6);
INSERT INTO players VALUES ('b04_A077','Miguel Tejada',4,10,5,0,'SS','R',103,'MLB 2004 - A001','Oakland Athetics',4,7,'b','HR,HR,FB.G,FB.G,K,FB.Y,FB.G,1B,W,W,GB.S,','FB.Y,FB.G,FB.Y,FB.Y,FB.G,K.O,FB,K,FB,K,FB,','2B,FB.Y,GB.S,GB,GB,GB,K.O,GB,K,GB,K,','FB.R,2B,2B,2B,1B,1B,FB.S,W,1B,FB.S,W,','S,S,S,S,,,,,,,,',1,2,2,3,5,5);
INSERT INTO players VALUES ('b04_A078','John Olerud',4,8,5,0,'1B','L',110,'MLB 2004 - A001','Seattle Mariners',5,7,'b','HR,W,W.D,GB.S,GB,FB.G,GB.S,1B,W,GB.S,GB.S,','FB.Y,FB.Y,FB.Y,FB.G,FB.G,FB,W.D,FB,K,FB,FB,','2B,FB.G,GB.S,GB,GB.S,W.D,GB,K.O,GB,K,K,','FB.R,2B,2B,2B,FB,FB.S,1B,FB.S,FB.S,FB.S,FB.S,','L,L,L,B,B,B,,,,,,',2,3,4,5,6,6);
INSERT INTO players VALUES ('b04_N063','Andruw Jones',4,10,6,0,'CF','R',122,'MLB 2004 - A001','Atlanta Braves',25,7,'b','HR,HR,K,K,K,FB.Y,FB.G,1B,GB.S,W,W,','FB.Y,FB.G,FB.R,FB.Y,FB.Y,K.O,FB,K,FB,K,K,','2B,FB.Y,W.D,K.O,K.O,GB,K.O,GB,K,GB,GB,','FB.R,2B,2B,2B,1B.P,FB.S,FB.S,FB.S,W,FB.S,FB.S,','C,C,C,C,C,C,C,C,,,,',1,1,2,3,6,6);
INSERT INTO players VALUES ('b04_A079','Edgar Martinez',4,8,1,0,'DH','L',103,'MLB 2004 - A001','Seattle Mariners',11,7,'b','HR,W,1B,GB,2B,FB.Y,1B.P,GB.S,1B,GB,1B,','FB.Y,FB.Y,FB.Y,FB.Y,FB,W.D,FB,K.O,FB.S,K,FB.S,','2B,GB.S,GB,GB.S,FB.Y,GB,W.D,GB,K,GB.S,K,','FB.Y,FB.R,2B,W.D,W.D,1B.P,FB.S,1B,1B,W,1B,','L,L,L,L,S,S,S,,,,,',1,2,2,3,6,6);
INSERT INTO players VALUES ('b04_A041','Alex Sanchez',2,12,3,0,'CF','L',104,'MLB 2004 - A001','Detroit Tigers',19,7,'b','FB.G,K,K,K,FB.G,FB.G,GB.S,GB.S,GB.S,GB.S,GB.S,','1B.P,FB.G,FB.Y,FB.G,FB.S,FB,K.O,FB,K,FB,FB,','GB.S,GB.S,GB.S,GB,GB,GB,GB,K,GB,K,K,','3B,3B,3B,2B.P,2B,1B.P,1B,FB.S,FB.S,FB.S,FB.S,','R,R,R,R,R,R,C,C,C,,,',1,2,4,5,6,6);
INSERT INTO players VALUES ('b04_A042','Vernon Wells',2,11,4,0,'CF','R',121,'MLB 2004 - A001','Toronto Blue Jays',10,7,'b','HR,HR,FB,FB,FB,FB.Y,GB.S,GB.S,K,K,K,','FB.Y,FB.G,FB.Y,FB.Y,FB.Y,K.O,FB,K.O,FB.S,FB.S,FB.S,','FB.R,FB.R,GB.S,GB.S,GB,GB.S,K.O,GB.S,GB,GB,K,','3B,2B.P,2B,2B,2B,FB,FB.G,FB,1B,1B,1B,','C,C,C,C,C,C,,,,,,',1,2,2,3,6,6);
INSERT INTO players VALUES ('b04_A043','Frank Thomas',1,8,3,0,'1B/DH','R',121,'MLB 2004 - A001','Chicago White Sox',35,7,'b','HR,HR,HR,HR,FB.R,2B,FB.G,W,W,W,GB.S,','FB.R,FB.R,FB.R,K,FB,K,FB,K,FB,K,K.O,','FB.R,W,W,FB.Y,K,W.D,K,W.D,K,W.D,K,','HR,2B,2B,W,2B,FB.Y,2B,K.O,W,K.O,W,','B,B,S,S,S,S,S,S,,,,',1,1,2,3,6,6);
INSERT INTO players VALUES ('b04_A044','Coco Crisp',2,11,5,0,'OF','S',93,'MLB 2004 - A001','Cleveland Indians',10,7,'b','HR,W,K,K,FB.G,1B,1B,W,1B,GB.S,W,','FB.G,FB.S,FB.Y,FB.G,FB.S,FB,K,FB,K,FB,K,','GB.S,FB.G,GB.S,GB.S,GB,K.O,GB,K,GB,K,GB,','3B,3B,2B.P,2B.P,2B,FB.G,FB.S,1B,W,W,FB.S,','L,L,L,R,R,,,,,,,',1,2,3,4,6,6);
INSERT INTO players VALUES ('b04_A045','Mark Teixeira',2,10,5,0,'1B','S',104,'MLB 2004 - A001','Texas Rangers',23,7,'b','HR,HR,K,K,K,GB.S,FB.G,W,W,GB.S,W,','FB.G,FB.G,FB.Y,FB.G,FB.G,K.O,FB,FB,K,FB,K,','1B.P,FB.Y,GB.S,GB,GB,GB,K,K,GB,K,GB,','3B,2B.P,2B,FB.Y,FB.Y,FB.Y,2B,1B,FB.S,W,FB.S,','D,D,D,C,C,,,,,,,',1,2,3,4,6,6);
INSERT INTO players VALUES ('b04_A046','Troy Percival',1,9,0,1,'RRP','R',62,'MLB 2004 - A001','Anaheim Angels',40,7,'p',',,FB,FB,FB,K,K,W.D,1B.P,',',,K,K,K,FB,FB,FB.S,FB,',',,K,K,K,K,GB,GB,GB.S,',',,FB,FB,GB,GB,K.O,FB,FB.G,',',,G,G,G,G,Y,Y,,',1,2,2,3,5,5);
INSERT INTO players VALUES ('b04_N049','Sean Burroughs',1,10,4,0,'3B','L',85,'MLB 2004 - A001','San Diego Padres',33,7,'b','3B,W.D,K.O,K,K,FB.G,GB.S,1B,K,1B,1B,','FB.Y,FB.Y,FB.Y,FB.G,FB.G,K.O,K.O,K.O,FB.S,K,K,','1B,GB.S,FB,W.D,W.D,GB.S,GB,GB.S,K,GB.S,K,','2B,2B.P,2B.P,2B,1B.P,FB,1B.P,FB,1B,K,1B,','C,C,C,C,,,,,,,,',1,3,4,5,6,6);
INSERT INTO players VALUES ('b04_N047','Placido Polanco',2,10,5,0,'2B/3B','R',103,'MLB 2004 - A001','Philadelphia Phillies',27,7,'b','HR,K.O,K,K,K,GB,GB,GB.S,W,GB.S,GB.S,','FB.Y,FB.Y,FB.Y,FB.G,FB.G,FB.G,FB.S,K.O,FB,K,K,','1B.P,GB.S,GB.S,GB.S,GB.S,GB,GB,GB,K,GB,K,','3B,3B,2B,FB,FB,1B.P,1B,W,1B,FB.S,FB.S,','L,L,L,L,W,W,W,,,,,',1,2,2,3,6,6);
INSERT INTO players VALUES ('b04_N046','Luis Castillo',1,12,4,0,'2B','S',125,'MLB 2004 - A001','Florida Marlins',1,7,'b','FB.R,FB.Y,FB,FB,K,K,K,K,1B,1B,1B,','1B,1B,FB.G,GB.S,FB.G,FB.G,GB.S,GB.S,FB,FB,FB,','GB.S,GB.S,GB.S,GB,GB.S,GB.S,W.D,W.D,GB,GB,GB,','3B,2B.P,2B.P,FB.Y,1B.P,1B,GB,FB,1B,1B,1B,','R,R,R,R,R,R,,,,,,',1,2,3,4,6,6);
INSERT INTO players VALUES ('b04_N045','Jose Vidro',2,10,5,0,'2B','S',117,'MLB 2004 - A001','Montreal Expos',3,7,'b','HR,1B,K.O,K,K,K.O,GB,GB.S,GB.S,1B,GB.S,','FB.Y,FB.Y,FB.Y,FB.Y,FB.G,FB.S,FB.S,K.O,K.O,FB,K,','1B.P,GB.S,FB.G,GB,GB.S,GB.S,GB.S,GB.S,GB,K,K,','2B,2B,2B,2B,FB.G,FB.G,FB,FB,1B,1B,FB.S,','L,L,L,W,W,W,,,,,,',1,2,3,4,6,6);
INSERT INTO players VALUES ('b04_N044','Marcus Giles',2,10,5,0,'2B','R',116,'MLB 2004 - A001','Atlanta Braves',22,7,'b','HR,HR,FB.Y,K.O,GB,K,FB.G,GB,GB.S,K,K,','FB.R,FB.Y,1B,FB.Y,FB.G,FB.G,K.O,FB.S,K.O,FB.S,FB.S,','1B.P,GB.S,W.D,FB,GB.S,GB.S,GB.S,K.O,GB,K,K,','2B.P,2B,2B,2B,FB.G,W.D,FB,FB.S,1B,1B,W,','W,W,W,C,C,C,C,,,,,',1,1,2,3,5,5);
INSERT INTO players VALUES ('b04_N043','Junior Spivey',1,10,4,0,'2B','R',75,'MLB 2004 - A001','Arizona Diamondbacks',37,7,'b','HR,W,K.O,K.O,GB.S,GB,1B,W,W,GB.S,W,','FB.Y,FB.Y,FB.Y,FB.Y,K.O,FB.S,K,FB,K,FB,K,','1B,FB.G,GB.S,GB,FB.G,K.O,GB,K,GB,K,GB,','2B,2B,2B,1B.P,GB,FB.G,FB.G,1B,FB.S,W,FB.S,','W,W,W,W,C,C,,,,,,',1,2,2,3,6,6);
INSERT INTO players VALUES ('b04_N042','Edgar Renteria',2,11,5,0,'SS','R',123,'MLB 2004 - A001','St Louis Cardinals',3,7,'b','HR,FB.G,FB,FB,K,K,GB,1B,1B,1B,GB.S,','FB.Y,1B,FB.G,FB.G,FB.G,FB.G,FB.S,FB,FB,FB,FB,','1B.P,GB,GB.S,GB.S,GB.S,GB.S,GB.S,GB,GB,GB,GB,','2B,2B,2B,W,2B,FB.S,FB,1B,1B,1B,FB.S,','L,L,L,L,R,R,,,,,,',1,1,2,3,6,6);
INSERT INTO players VALUES ('b04_N041','Jimmy Rollins',2,11,4,0,'SS','S',93,'MLB 2004 - A001','Philadelphia Phillies',6,7,'b','FB.R,K.O,K,K,K,FB.G,W,W,W,GB.S,W,','FB.Y,FB.Y,FB.Y,FB.G,FB.S,K.O,FB,FB,K,FB,K,','FB.G,GB.S,GB.S,GB.S,GB,GB,K,K,GB,K,GB,','3B,3B,2B.P,FB,FB.G,2B,1B.P,1B,FB.S,W,FB.S,','W,W,W,W,W,W,,,,,,',1,2,3,4,6,6);
INSERT INTO players VALUES ('b04_N040','Jose Reyes',1,11,4,0,'SS','S',76,'MLB 2004 - A001','New York Mets',7,7,'b','HR,K.O,FB.Y,K.O,K,K,1B,K,K,GB,1B,','FB.Y,FB.Y,1B,FB.G,FB.G,FB.S,FB,FB.S,FB.S,FB.S,K,','1B,GB.S,K.O,K.O,GB.S,GB,GB,GB,GB,K,GB,','3B,3B,3B,2B,GB,FB.G,K,1B,W,W,W,','W,W,W,W,W,,,,,,,',1,2,3,4,6,6);
INSERT INTO players VALUES ('b04_N039','Alex Gonzalez',2,10,4,0,'SS','R',80,'MLB 2004 - A001','Florida Marlins',11,7,'b','HR,K.O,K,K,FB.Y,GB.S,1B,GB.S,W,GB.S,W,','FB.S,FB.Y,FB.Y,FB.G,FB,K.O,FB,FB,K,FB,K,','FB.Y,GB.S,GB.S,GB,FB.G,GB,K,K,GB,K,GB,','3B,3B,2B.P,2B,K,FB.G,2B,W,FB.S,W,FB.S,','W,W,W,W,W,W,,,,,,',1,2,2,3,6,6);
INSERT INTO players VALUES ('b04_N051','Edgardo Alfonzo',2,9,5,0,'3B','R',104,'MLB 2004 - A001','San Francisco Giants',13,7,'b','HR,FB,K,K,K,K,FB.G,1B,GB.S,W.D,W.D,','FB.G,FB.Y,FB.G,FB.G,FB.S,FB.S,FB,FB,FB,GB,GB,','FB.Y,GB.S,GB.S,GB.S,GB,GB,GB,GB,K,K,K,','2B,2B,FB,FB,1B.P,FB.G,1B,1B,FB.S,FB.S,FB.S,','L,L,L,L,,,,,,,,',2,2,3,4,6,6);
INSERT INTO players VALUES ('b04_N052','Ty Wigginton',1,10,4,0,'3B','R',89,'MLB 2004 - A001','New York Mets',9,7,'b','HR,W,K.O,K,GB.S,FB.G,GB.S,W,W,GB.S,W,','FB.G,FB.Y,FB.Y,FB.G,K.O,FB,K,FB,K,FB,K,','1B.P,FB.G,GB.S,GB,FB.G,K.O,GB,K,GB,K,GB,','3B,3B,2B.P,2B,FB,1B.P,FB.G,1B,GB.S,W,FB.S,','L,L,L,L,L,,,,,,,',1,1,2,3,6,6);
INSERT INTO players VALUES ('b04_N053','Aramis Ramirez',2,9,3,0,'3B','R',95,'MLB 2004 - A001','Chicago Cubs',16,7,'b','HR,HR,K,K,K,K,GB.S,1B,W,W,GB.S,','FB.G,FB.S,FB.Y,FB.Y,FB.G,FB.S,FB,K,FB,K,K,','FB.Y,FB.G,GB.S,GB.S,GB,GB,K,GB,K,GB,K,','2B.P,2B.P,2B,FB.G,1B.P,FB.G,FB.G,W,1B,FB.S,W,','L,L,L,L,L,,,,,,,',1,2,2,3,6,6);
INSERT INTO players VALUES ('b04_N054','Mike Lowell',2,9,5,0,'3B','R',108,'MLB 2004 - A001','Florida Marlins',19,7,'b','HR,HR,GB,K,K,K,K,W,W,GB.S,GB.S,','FB.G,GB.S,FB.Y,FB.S,FB.S,FB.S,FB.S,FB,FB,FB,FB,','2B,FB.R,GB.S,FB.Y,FB.G,GB,FB,GB,GB,GB,GB,','FB.Y,W.D,FB.R,GB,GB,FB.G,FB.G,1B,1B,FB.S,FB.S,','S,S,S,B,B,B,B,,,,,',1,1,2,3,6,6);
INSERT INTO players VALUES ('b04_N055','Todd Helton',1,10,5,0,'1B','L',161,'MLB 2004 - A001','Colorado Rockies',17,7,'b','HR,HR,1B,K.O,K.O,GB,GB,W.D,W.D,K,1B,','FB.Y,FB.G,FB.Y,FB.Y,FB.Y,FB.G,FB.G,FB.S,FB.S,FB.S,K,','1B.P,GB.S,W.D,W.D,W.D,GB.S,GB.S,GB.S,GB.S,K.O,GB.S,','3B,3B,2B.P,2B.P,1B.P,W.D,W,W.D,W.D,1B,K,','L,L,L,L,L,L,L,L,L,,,',1,2,3,4,6,6);
INSERT INTO players VALUES ('b04_N057','Bobby Abreu',2,10,4,0,'RF','L',124,'MLB 2004 - A001','Philadelphia Phillies',53,7,'b','HR,K.O,K.O,K,K,FB.G,1B.P,1B,K,1B,1B,','FB.Y,FB.R,FB.Y,FB.Y,FB.G,K.O,K.O,K.O,FB.S,K,K,','1B.P,FB.G,GB.S,GB,K.O,GB.S,GB.S,GB.S,K,GB.S,K,','2B,2B,2B,2B,FB.Y,W.D,FB,FB,1B,K,1B,','L,L,L,L,L,L,,,,,,',1,2,3,4,6,6);
INSERT INTO players VALUES ('b04_N058','Scott Rolen',1,10,5,0,'3B','R',123,'MLB 2004 - A001','St Louis Cardinals',27,7,'b','HR,HR,K.O,K,K,GB.S,FB.G,W,1B,W.D,GB.S,','FB.Y,FB.G,FB.Y,FB.Y,FB.Y,K.O,FB,FB,K,FB,K,','1B.P,FB.Y,GB.S,W.D,W.D,FB.G,K.O,K,GB,K,K,','2B,2B,2B,2B,2B,K,FB.S,1B,W,FB.S,FB.S,','C,C,C,C,C,C,C,C,,,,',1,1,2,3,6,6);
INSERT INTO players VALUES ('b04_N059','Orlando Cabrera',2,11,4,0,'SS','R',96,'MLB 2004 - A001','Montreal Expos',18,7,'b','HR,K.O,K,K.O,K,FB.G,GB,K,1B,W,GB.S,','FB.Y,FB.Y,FB.Y,FB.Y,FB.G,K.O,FB.S,FB.S,K,FB,K,','1B.P,GB.S,GB.S,GB.S,GB.S,GB.S,K.O,K.O,GB,K,K,','2B,2B,2B,2B,FB,FB,FB.S,FB.S,W,1B,FB.S,','W,W,W,W,W,,,,,,,',1,1,2,3,6,6);
INSERT INTO players VALUES ('b04_N038','Barry Larkin',2,10,4,0,'SS','R',90,'MLB 2004 - A001','Cincinnati Reds',11,7,'b','HR,W,W.D,K.O,FB.G,FB.G,GB.S,1B,GB.S,W,GB.S,','FB.G,FB.Y,FB.G,FB.G,K.O,FB,K.O,FB,K.O,FB,K,','1B,GB.S,GB.S,GB.S,GB.S,K.O,GB,K.O,GB,K,GB,','3B,2B.P,2B,2B,GB,FB.S,1B.P,FB.S,FB.S,FB.S,W,','W,W,W,W,W,B,B,,,,,',1,1,2,3,6,6);
INSERT INTO players VALUES ('b04_A047','Mariano Rivera',2,9,0,1,'RRP','R',61,'MLB 2004 - A001','New York Yankees',42,7,'p',',,GB,GB,K,K.O,GB.S,FB.G,2B,',',,K,K,FB,FB,FB,FB.S,FB,',',,K,GB,GB,GB,GB,GB,GB.S,',',,GB,FB,K.O,FB.S,FB.S,1B.P,FB.G,',',,O,O,G,G,G,,,',1,2,2,3,5,5);
INSERT INTO players VALUES ('b04_A048','Kazuhiro Sasaki',2,9,0,1,'RRP','R',47,'MLB 2004 - A001','Seattle Mariners',22,7,'p',',,K,K,K,K.O,K.O,1B.P,2B,',',,FB,FB,FB,FB,FB,FB,FB,',',,K,K,GB,GB,GB,GB.S,GB.S,',',,FB,GB,K.O,W.D,W.D,FB.G,FB.G,',',,Y,Y,Y,Y,Y,,,',1,2,2,3,5,5);
INSERT INTO players VALUES ('b04_A049','Derek Lowe',1,9,0,6,'RSP','R',95,'MLB 2004 - A001','Boston Red Sox',32,7,'p','K,K,FB,K.O,GB.S,GB.S,K,FB.G,K.O,K.O,W.D,','GB,GB,K,FB,K.O,K.O,FB.S,FB.S,FB.G,FB.G,FB.G,','GB,GB,GB,GB,GB,GB,GB,GB.S,GB.S,GB.S,GB.S,','K,K,K.O,W.D,W.D,W.D,2B,1B.P,W.D,FB.Y,FB.G,','O,O,O,Y,Y,,,,,,,',1,2,2,3,5,5);
INSERT INTO players VALUES ('b04_A050','Roger Clemens',2,8,0,6,'RSP','R',131,'MLB 2004 - A001','New York Yankees',22,7,'p','K,GB,GB,GB,1B.P,FB.G,FB.G,GB,FB.G,K.O,K.O,','K,K,K,FB,K,K.O,K.O,FB.S,FB.S,FB.G,FB.G,','K,K,K,K,GB,GB,GB,K.O,GB.S,GB.S,GB.S,','K,GB,GB,1B,FB.S,FB.S,FB.S,FB.G,1B.P,FB.G,FB.Y,','O,O,O,O,O,O,S,S,,,,',1,2,2,3,5,5);
INSERT INTO players VALUES ('b04_A051','Tim Hudson',2,9,0,7,'RSP','R',142,'MLB 2004 - A001','Oakland Athetics',15,7,'p','GB,GB,GB,GB,GB,K,K.O,W.D,W.D,FB.G,GB.S,','K,K,K,K,K,FB,FB,FB,FB,FB.S,FB.G,','GB,GB,GB,GB,GB,GB,GB,GB,GB,GB,GB.S,','K,K,K,FB,FB,K.O,W.D,FB.S,FB.S,1B.P,FB.Y,','O,O,O,Y,Y,,,,,,,',1,2,2,3,5,5);
INSERT INTO players VALUES ('b04_A052','Eddie Guardado',1,9,0,1,'LRP','R',68,'MLB 2004 - A001','Minnesota Twins',18,7,'p',',,K,K,K,K,K,W.D,1B.P,',',,FB,FB,FB,FB,FB,FB,FB,',',,K,K,GB,GB,GB,GB,FB.S,',',,GB,GB,GB,GB,K.O,FB.S,FB.S,',',,G,G,G,G,G,Y,,',1,2,2,3,5,5);
INSERT INTO players VALUES ('b04_A053','Mark Mulder',2,9,0,7,'LSP','L',130,'MLB 2004 - A001','Oakland Athetics',20,7,'p','K,K,W.D,GB,GB.S,GB.S,K,GB.S,FB.G,K.O,K.O,','GB,GB,K,FB,K,K.O,FB.S,FB.S,FB.S,FB.G,FB.G,','K,GB,GB,K,GB,GB,GB,GB.S,GB.S,GB.S,GB.S,','W.D,K,FB,FB.S,K.O,FB.S,FB.S,FB.G,1B.P,FB.G,FB.Y,','S,S,S,S,S,,,,,,,',2,4,4,5,6,6);
INSERT INTO players VALUES ('b04_N019','Javy Lopez',1,9,5,0,'C','R',117,'MLB 2004 - A001','Atlanta Braves',8,7,'b','HR,HR,K,K,K,K,FB.G,GB,1B,1B,1B,','FB.R,FB.Y,FB.R,FB.R,FB.Y,FB.S,K.O,FB.S,K,GB,K,','1B.P,1B,FB.G,FB.G,FB.G,K.O,GB.S,K.O,GB,K,K,','3B,3B,2B,2B,1B.P,FB.Y,FB,FB.S,1B,1B,1B,','L,L,L,L,L,B,B,,,,,',1,2,2,3,5,5);
INSERT INTO players VALUES ('b04_N020','Mike Lieberthal',2,9,3,0,'C','R',108,'MLB 2004 - A001','Philadelphia Phillies',24,7,'b','1B,1B,FB,K,K,FB.G,GB,GB,GB,FB,FB,','FB.Y,FB.Y,FB.G,FB.G,FB.G,FB.S,FB.S,W.D,FB.S,W.D,W.D,','GB.S,FB,GB,FB,GB.S,GB.S,GB.S,FB.S,K,K,K,','2B,2B,2B,1B.P,1B,W.D,FB,K,1B,1B,1B,','B,B,B,B,L,L,,,,,,',1,2,2,3,6,6);
INSERT INTO players VALUES ('b04_N034','Jason Schmidt',1,9,0,7,'RSP','R',152,'MLB 2004 - A001','San Francisco Giants',29,7,'p','FB,FB,K,W.D,K.O,GB.S,GB.S,GB.S,GB.S,FB.G,GB.S,','K,K,FB,K,FB,FB,FB,FB,FB,FB.S,FB.G,','K,K,K,GB,K,K,K,GB,GB,GB,GB.S,','FB,FB,GB,K.O,W.D,W.D,W,FB.S,FB.G,2B,FB.Y,','O,O,O,O,O,S,,,,,,',1,2,2,3,5,5);
INSERT INTO players VALUES ('b04_N035','Tim Worrell',2,9,0,1,'RRP','R',57,'MLB 2004 - A001','San Francisco Giants',45,7,'p',',,GB,W,W,GB.S,W,W.D,GB.S,',',,K,K,FB,K.O,FB,FB.S,FB.G,',',,K,GB,K.O,GB,GB,GB,GB.S,',',,GB,FB,FB.S,W,FB.S,FB.G,1B.P,',',,G,G,G,G,G,,,',1,2,2,3,5,5);
INSERT INTO players VALUES ('b04_N036','Trevor Hoffman',2,9,0,1,'RRP','R',60,'MLB 2004 - A001','San Diego Padres',51,7,'p',',,FB,K.O,GB.S,GB.S,W,W.D,GB.S,',',,K,FB,FB,FB,FB,FB.S,FB.G,',',,K,K,K,GB,GB,GB,GB.S,',',,FB,W.D,W,W,FB.S,FB.G,1B.P,',',,G,G,G,G,Y,,,',1,2,2,3,5,5);
INSERT INTO players VALUES ('b04_N032','Kevin Brown',2,9,0,6,'RSP','R',128,'MLB 2004 - A001','Los Angeles Dodgers',27,7,'p','GB,GB,K,K,1B,W,W,GB.S,W.D,W.D,GB.S,','K,K,GB,FB,K,K,K,FB,FB.G,FB.G,FB.G,','K,GB,GB,GB,GB,GB,GB,GB,GB,GB.S,GB.S,','GB,K,K,FB.S,FB.S,FB.S,FB.S,FB.G,2B,FB.Y,FB.Y,','O,O,O,O,Y,Y,,,,,,',1,2,2,3,5,5);
INSERT INTO players VALUES ('b04_N031','John Smoltz',1,9,0,1,'RRP','R',71,'MLB 2004 - A001','Atlanta Braves',29,7,'p',',,GB,FB,K.O,GB.S,GB.S,GB.S,1B.P,',',,K,K,FB,K,K.O,FB,FB,',',,K,K,K,GB,GB,GB,GB.S,',',,GB,GB,W.D,K.O,W.D,FB.G,FB.G,',',,G,G,G,G,G,,,',1,2,2,3,5,5);
INSERT INTO players VALUES ('b04_N030','Eric Gagne',2,9,0,1,'RRP','R',81,'MLB 2004 - A001','Los Angeles Dodgers',38,7,'p',',,K,K.O,FB,W,GB.S,GB.S,1B.P,',',,K,K,K,K,K,FB,FB,',',,K,K,K,GB,GB,GB,GB.S,',',,K,K.O,GB,K.O,K.O,FB.G,FB.G,',',,O,O,O,O,G,G,,',1,2,2,3,5,5);
INSERT INTO players VALUES ('b04_N029','Curt Schilling',2,9,0,7,'RSP','R',146,'MLB 2004 - A001','Arizona Diamondbacks',38,7,'p','K,FB,W.D,W.D,GB.S,W.D,1B,GB.S,FB.G,2B,GB.S,','K,K,K,FB,K,FB,K,FB,FB.S,FB.S,FB.G,','K,K,GB,K,GB,K,GB,GB,GB,GB.S,GB.S,','K,GB,K.O,FB.S,W.D,FB.S,W.D,FB.S,1B.P,FB.G,FB.Y,','S,O,O,O,O,,,,,,,',1,2,2,3,5,5);
INSERT INTO players VALUES ('b04_N028','Ben Sheets',1,9,0,6,'RSP','R',108,'MLB 2004 - A001','Milwaukee Brewers',15,7,'p','FB,FB,K,GB.S,GB.S,GB.S,FB.G,FB.Y,GB.S,W.D,GB.S,','K,K,FB,K,FB,K.O,K.O,FB.S,FB.G,FB.Y,FB.Y,','K,GB,K,GB,K,GB,GB,GB.S,GB.S,GB.S,GB.S,','GB,K,GB,W.D,FB.G,FB.G,FB.Y,2B,2B,FB.R,HR,','O,O,O,O,O,,,,,,,',1,2,2,3,5,5);
INSERT INTO players VALUES ('b04_N027','Billy Wagner',2,9,0,1,'LRP','L',71,'MLB 2004 - A001','Houston Astros',13,7,'p',',,FB,FB,W,1B,K.O,GB.S,1B.P,',',,K,K,K,K,FB,FB,FB,',',,K,K,GB,GB,GB,GB,GB.S,',',,GB,GB,K.O,FB.S,W.D,FB.G,FB.G,',',,O,O,O,O,O,G,,',2,4,4,5,6,6);
INSERT INTO players VALUES ('b04_N026','Randy Wolf',2,9,0,6,'LSP','L',108,'MLB 2004 - A001','Philadelphia Phillies',43,7,'p','FB,FB,K.O,W.D,W.D,FB.G,FB.G,FB.Y,W.D,W,GB.S,','K,K,FB,K,FB,K,K.O,FB,FB.G,FB.Y,FB.Y,','K,K,K,GB,K,GB,GB,GB,GB,GB.S,GB.S,','GB,GB,W.D,K.O,W,FB.G,FB.Y,FB.Y,2B,FB.Y,HR,','O,O,O,O,O,,,,,,,',2,4,4,5,6,6);
INSERT INTO players VALUES ('b04_N025','Dontrelle Willis',1,9,0,6,'LSP','L',135,'MLB 2004 - A001','Florida Marlins',35,7,'p','GB,FB,K.O,W.D,GB.S,1B.P,FB.G,FB.G,FB.G,K.O,GB.S,','K,K,FB,K,FB,K,K.O,FB.S,FB.S,FB.G,FB.G,','K,GB,K,GB,K,GB,GB,K.O,GB.S,GB.S,GB.S,','FB,K,W.D,FB.S,W,FB.S,1B.P,2B,2B,FB.Y,FB.Y,','Y,Y,Y,Y,Y,Y,Y,,,,,',2,4,4,5,6,6);
INSERT INTO players VALUES ('b04_N024','Mike Matheny',3,9,6,0,'C','R',107,'MLB 2004 - A001','St Louis Cardinals',22,7,'b','HR,W.D,K.O,K,GB,GB.S,1B,W,GB.S,GB.S,GB.S,','FB.G,FB.Y,FB.G,FB.G,FB.S,K.O,FB,K,FB,K,K,','FB.Y,FB.G,GB.S,GB,GB,GB,K.O,GB,K,GB,K,','2B,2B,W.D,1B.P,FB.G,FB.G,FB.S,FB.S,W,W,FB.S,','B,B,B,B,B,B,B,,,,,',1,1,2,3,6,6);
INSERT INTO players VALUES ('b04_N023','Benito Santiago',2,9,4,0,'C','R',88,'MLB 2004 - A001','San Francisco Giants',33,7,'b','HR,K.O,K,K,K,FB.G,GB.S,1B,W,GB.S,W,','FB.Y,FB.Y,FB.Y,FB.G,FB.G,FB,K.O,K,FB,K,K,','1B,GB.S,GB.S,GB.S,GB,GB.S,GB,GB,K,GB,K,','2B.P,2B,W,W.D,1B,K,1B,W,1B,W.D,W.D,','B,B,B,B,B,B,,,,,,',1,2,2,3,6,6);
INSERT INTO players VALUES ('b04_N022','Brad Ausmus',1,10,6,0,'C','R',104,'MLB 2004 - A001','Houston Astros',11,7,'b','FB.R,W.D,FB,K,FB.G,FB.G,W,W,GB.S,W,GB.S,','FB.Y,FB.Y,FB.G,FB.G,FB,FB,K,K,FB,K,K,','1B,FB.G,GB.S,GB.S,GB.S,GB,GB,GB,K,GB,K,','2B,2B,1B.P,W.D,FB,FB.S,FB.S,FB.S,W,FB.S,FB.S,','B,B,B,B,B,B,B,,,,,',1,2,2,3,5,5);
INSERT INTO players VALUES ('b04_A055','Brandon Phillips',1,9,3,0,'2B','R',48,'MLB 2004 - A001','Cleveland Indians',7,7,'b','FB.R,FB,K,K,K,FB.G,GB.S,W,W,GB.S,W,','FB.G,FB.Y,FB.Y,FB.S,FB.S,FB,K.O,K.O,K,K.O,K,','FB.Y,GB.S,FB.G,K.O,GB,K.O,GB,K,K.O,K,K,','2B,2B,2B,FB.G,FB.G,W,W,FB.S,FB.S,W,W,','L,L,W,W,W,,,,,,,',1,1,2,3,6,6);
INSERT INTO players VALUES ('b04_A056','Bret Boone',2,10,6,0,'2B','R',136,'MLB 2004 - A001','Seattle Mariners',29,7,'b','HR,HR,K,K,1B.P,K,1B.P,GB.S,K,W,1B,','FB.Y,FB.G,FB.Y,FB.Y,K.O,FB.S,K.O,K.O,FB.S,K,K,','FB.R,FB.Y,FB,GB,FB.Y,K.O,GB.S,GB,K,K.O,K,','3B,2B.P,2B.P,2B,GB,FB.Y,K,1B,W,FB.S,1B,','D,D,D,D,W,W,W,W,W,,,',1,2,3,4,6,6);
INSERT INTO players VALUES ('b04_A057','Hank Blalock',3,10,4,0,'3B','L',104,'MLB 2004 - A001','Texas Rangers',9,7,'b','HR,HR,FB,FB,GB,GB,FB.G,K,1B,K,K,','FB.Y,FB.G,FB.Y,FB.Y,FB.Y,FB.S,K.O,FB.S,FB,FB.S,FB.S,','FB.R,FB.Y,GB,GB,GB.S,W.D,GB.S,K.O,GB.S,GB,K,','2B,2B,2B,2B,1B.P,FB.G,K,FB.S,K,1B,1B,','L,L,L,L,L,,,,,,,',2,3,4,5,6,6);
INSERT INTO players VALUES ('b04_A058','Garrett Anderson',1,10,5,0,'LF','L',120,'MLB 2004 - A001','Anaheim Angels',16,7,'b','HR,HR,K,K,K,FB.Y,K,GB.S,GB,1B,K,','FB.Y,FB.S,1B,FB.Y,FB.Y,K.O,FB.S,K.O,FB.S,K,FB.S,','FB.R,FB.Y,FB.Y,GB.S,GB.S,GB.S,K.O,GB.S,K,GB.S,K,','3B,2B.P,2B.P,2B,2B,FB,FB.G,K,1B,W,W,','L,L,L,L,P,P,P,P,,,,',1,2,4,5,6,6);
INSERT INTO players VALUES ('b04_A060','Jacque Jones',2,10,4,0,'LF','L',86,'MLB 2004 - A001','Minnesota Twins',11,7,'b','HR,K.O,FB.Y,K.O,K,FB.G,FB.G,K,K,GB,1B,','FB.G,FB.Y,1B,FB.Y,FB.G,FB,FB,FB.S,FB.S,FB.S,K,','2B,GB.S,K.O,K.O,GB.S,GB.S,GB.S,GB,GB,K,GB,','3B,2B.P,2B.P,2B,GB,GB,K,1B,W,W,W,','C,C,C,C,C,,,,,,,',2,3,4,5,6,6);
INSERT INTO players VALUES ('b04_A061','Troy Glaus',4,10,4,0,'3B','R',76,'MLB 2004 - A001','Anaheim Angels',35,7,'b','HR,K,K,K,K,K,GB.S,GB.S,W,GB.S,W,','FB.Y,FB.R,FB.Y,FB.G,FB.G,FB.S,FB,FB,K,FB,K,','FB.R,GB.S,FB.G,K.O,GB,GB,K,K,GB,K,GB,','FB.Y,2B,2B,FB.Y,FB.Y,FB.G,FB.G,W,FB.S,W,FB.S,','L,L,L,L,,,,,,,,',1,1,2,3,6,6);
INSERT INTO players VALUES ('b04_A062','David Eckstein',4,11,6,0,'SS','R',100,'MLB 2004 - A001','Anaheim Angels',22,7,'b','3B,FB,K,K,K,K,GB.S,GB.S,GB.S,W,GB.S,','FB.G,FB.Y,FB.G,FB.G,FB.S,FB.S,K.O,FB,K.O,FB,K,','FB.Y,GB.S,GB.S,GB.S,GB,GB,GB,K.O,GB,K,GB,','2B,2B,2B,FB,FB.G,FB.G,1B,1B,FB.S,FB.S,W,','L,L,R,R,R,,,,,,,',1,1,2,3,6,6);
INSERT INTO players VALUES ('b04_A063','Tony Batista',4,9,3,0,'3B','R',77,'MLB 2004 - A001','Baltimore Orioles',10,7,'b','HR,GB,K,2B,FB.Y,1B.P,GB.S,W,GB.S,GB.S,GB.S,','FB.Y,FB.Y,FB.Y,FB,K,FB,FB,K,FB,K,K,','FB.R,FB.G,GB.S,K.O,GB,K,K,GB,K,GB,K,','2B,2B,FB.R,FB.Y,1B.P,FB.Y,1B,FB.S,W,W,FB.S,','B,B,B,B,,,,,,,,',1,2,2,3,6,6);
INSERT INTO players VALUES ('b04_A064','Manny Ramirez',24,10,4,0,'LF','R',128,'MLB 2004 - A001','Boston Red Sox',4,7,'b','HR,HR,W.D,K.O,GB,GB,FB.G,K,K,1B,K,','FB.Y,FB.G,FB.R,FB.Y,FB.Y,FB.G,K.O,FB.S,FB.S,K,FB.S,','FB.R,W,GB,GB,GB.S,W.D,GB.S,K.O,K,GB.S,K,','2B,2B,2B,2B,1B.P,FB.S,K,FB.S,1B,FB,1B,','L,L,L,L,L,L,P,P,,,,',1,2,2,3,6,6);
INSERT INTO players VALUES ('b04_A035','Miguel Olivo',2,10,4,0,'C','R',68,'MLB 2004 - A001','Chicago White Sox',8,7,'b','HR,W.D,K,FB.Y,2B,FB.G,GB.S,W,GB.S,GB.S,GB.S,','FB.Y,FB.Y,FB.Y,K.O,FB,K,FB,K,FB,K,K,','2B,GB.S,GB.S,GB.S,K.O,GB,K,GB,K,K,K,','FB.S,2B,2B,GB,FB.Y,FB.S,FB.S,FB.S,W,FB.S,FB.S,','B,B,B,B,B,,,,,,,',1,2,2,3,6,6);
INSERT INTO players VALUES ('b04_A036','Jorge Posada',2,9,4,0,'C','S',123,'MLB 2004 - A001','New York Yankees',20,7,'b','HR,HR,W.D,W.D,K,K,K,1B,W,FB.S,W,','FB.Y,FB.G,FB.Y,FB.Y,FB.G,FB.S,FB.S,FB,FB,K,FB,','FB.R,FB.R,GB.S,GB.S,GB,GB,GB,GB,GB,GB,K,','FB.G,W.D,HR,W,2B,FB.G,FB.G,W,1B,W,W.D,','B,B,B,B,B,B,,,,,,',1,2,3,4,6,6);
INSERT INTO players VALUES ('b04_A037','Johnny Damon',1,11,5,0,'CF','L',124,'MLB 2004 - A001','Boston Red Sox',18,7,'b','HR,HR,K.O,GB,FB.G,FB.G,GB.S,W,1B,GB.S,W,','FB.G,FB.S,FB.Y,FB.G,FB.S,FB,K.O,FB,K.O,FB,K,','FB.R,FB.Y,GB.S,W,GB,K.O,GB,K.O,GB,K,GB,','3B,3B,W.D,2B.P,2B,FB.S,1B.P,1B,W,W,W,','C,C,C,C,R,R,R,R,,,,',1,2,4,5,6,6);
INSERT INTO players VALUES ('b04_A038','Rafael Palmeiro',2,10,3,0,'1B','L',113,'MLB 2004 - A001','Texas Rangers',25,7,'b','HR,HR,W,2B,FB.R,W,FB.G,FB.G,GB.S,GB.S,GB.S,','FB.R,FB.G,FB.R,FB,K.O,FB,K.O,FB,K,FB,K,','2B,FB.R,GB.S,FB.Y,GB,K.O,GB,K,GB,K,GB,','HR,2B,2B,W.D,W,FB.Y,1B,1B,FB.S,FB.S,FB.S,','S,S,S,S,S,L,L,L,,,,',1,2,4,5,6,6);
INSERT INTO players VALUES ('b04_A039','Jason Giambi',2,9,3,0,'1B','L',116,'MLB 2004 - A001','New York Yankees',25,7,'b','HR,HR,HR,FB.R,2B,FB.Y,GB.S,W,W,GB.S,W,','FB.R,FB.G,W,K,W.D,K,FB,FB,K,W.D,K,','2B,FB.R,FB.Y,W.D,K,GB.S,K,K,GB,K,W.D,','HR,2B,W.D,2B,FB.R,W.D,FB.Y,1B.P,FB.S,W,FB.S,',',,,,,,,,,,,',2,3,4,5,6,6);
INSERT INTO players VALUES ('b04_A018','Shannon Stewart',3,10,4,0,'RF','R',110,'MLB 2004 - A001','Minnesota Twins',23,7,'b','HR,2B.P,W.D,K,K,GB,GB,FB,K,1B,GB.S,','FB.Y,FB.Y,FB.Y,FB.Y,FB.G,FB.S,FB.S,FB.S,FB.S,FB,FB,','FB.R,GB.S,GB.S,GB,K.O,K.O,GB.S,GB.S,GB,GB.S,GB,','2B,2B,2B,2B,1B.P,FB.G,FB,FB,1B,K,FB.S,','L,L,C,C,C,C,C,,,,,',1,2,2,3,6,6);
INSERT INTO players VALUES ('b04_A019','Jose Valentin',1,10,4,0,'SS','S',92,'MLB 2004 - A001','Chicago White Sox',22,7,'b','HR,HR,K,FB.Y,2B,1B,GB.S,GB.S,GB.S,GB.S,GB.S,','FB.Y,FB.S,FB.R,K.O,FB,K,FB,K,FB,K,K,','2B,FB.Y,GB.S,GB.S,K.O,GB,K,GB,K,K,K,','FB.G,W,2B,W.D,FB.Y,FB.G,FB.G,FB.S,FB.S,FB.S,FB.S,','B,B,W,W,W,W,,,,,,',1,2,3,4,6,6);
INSERT INTO players VALUES ('b04_A020','Damian Jackson',2,11,4,0,'2B/OF','R',79,'MLB 2004 - A001','Boston Red Sox',2,7,'b','2B,FB,K,K,K,2B,1B.P,GB.S,GB.S,GB.S,GB.S,','1B.P,FB.Y,FB.Y,FB.G,FB.S,K.O,FB,K.O,FB,K,K,','FB.G,GB.S,GB.S,GB.S,GB,GB,K.O,GB,K,GB,K,','2B.P,2B,1B.P,FB,FB.G,FB.S,FB.S,1B,FB.S,FB.S,FB.S,','R,R,R,R,R,C,C,C,,,,',1,1,2,4,6,6);
INSERT INTO players VALUES ('b04_A021','Matt Lawton',3,10,4,0,'LF','L',84,'MLB 2004 - A001','Cleveland Indians',11,7,'b','HR,K,K,K,K,K,GB.S,GB.S,W,GB.S,W,','FB.Y,FB.R,FB.Y,FB.G,FB.G,FB.S,FB,FB,K,FB,K,','FB.R,GB.S,FB.G,GB.S,GB,GB,GB,K,GB,K,GB,','FB.Y,2B,K.O,K.O,FB.Y,FB.G,FB.S,W,FB.S,W,FB.S,','P,P,P,C,C,C,,,,,,',1,2,3,5,6,6);
INSERT INTO players VALUES ('b04_A022','Carl Crawford',1,12,5,0,'LF','L',123,'MLB 2004 - A001','Tampa Bay Devil Rays',13,7,'b','HR,W.D,K.O,GB,FB.G,FB,K,W,W,GB.S,GB.S,','FB.S,FB.Y,FB.G,FB.G,K.O,FB.S,FB.S,FB,K,FB,K,','FB.G,GB.S,GB.S,GB.S,GB.S,GB,GB,K,GB,K,GB,','2B.P,3B,2B.P,FB,FB,FB.G,1B,1B,1B,FB.S,FB.S,','R,R,R,R,R,R,R,R,R,,,',1,2,4,5,6,6);
INSERT INTO players VALUES ('b04_A023','David Ortiz',2,9,3,0,'1B','L',89,'MLB 2004 - A001','Boston Red Sox',34,7,'b','HR,HR,K,K,K,2B,GB.S,1B.P,W,GB.S,GB.S,','FB.G,FB.S,FB.Y,FB.Y,FB.Y,FB,K.O,FB,K,FB,K,','FB.Y,FB.R,GB.S,GB.S,GB.S,K.O,GB,K,GB,K,GB,','2B,W,2B,FB,FB,FB.Y,FB.Y,W,1B,W,FB.S,','S,S,L,L,,,,,,,,',1,2,4,5,6,6);
INSERT INTO players VALUES ('b04_A024','Erubial Durazo',3,8,2,0,'1B','L',95,'MLB 2004 - A001','Oakland Athetics',44,7,'b','HR,K,K,K,FB.G,GB.S,1B,1B,GB.S,W,GB.S,','FB.G,FB.R,FB.Y,FB.Y,FB,K.O,FB,K,FB,K,FB,','GB.S,GB.S,FB.G,GB.S,K.O,GB,K,GB,K,GB,K,','HR,2B,2B,FB,FB.S,FB.G,2B,W,W,FB.S,FB.S,','L,L,L,L,L,L,,,,,,',2,3,4,5,6,6);
INSERT INTO players VALUES ('b04_A026','Christian Guzman',2,12,4,0,'SS','S',107,'MLB 2004 - A001','Minnesota Twins',15,7,'b','2B.P,K.O,K,FB.G,FB.G,1B,GB.S,GB.S,1B,W,GB.S,','FB.G,FB.G,FB.G,K.O,K.O,FB,K.O,FB,K,FB,K,','GB.S,GB.S,GB.S,GB,GB,K.O,GB,K,GB,K,GB,','3B,3B,3B,2B.P,2B,FB.G,1B,1B,W,FB.S,FB.S,','R,R,R,R,R,C,C,C,C,,,',1,2,3,4,6,6);
INSERT INTO players VALUES ('b04_A027','Carlos Guillen',2,10,3,0,'SS','S',76,'MLB 2004 - A001','Seattle Mariners',8,7,'b','HR,W.D,FB,K,FB,K,GB,1B,W,W,1B,','FB.G,FB.G,FB.G,FB.G,FB.G,FB.G,FB.S,FB,K,K,FB,','2B,GB.S,GB.S,GB.S,GB.S,GB,GB,GB,GB,GB,K,','3B,2B.P,W.D,GB,GB,1B,FB.G,W,1B,1B,W,','W,W,W,W,W,,,,,,,',1,2,3,4,6,6);
INSERT INTO players VALUES ('b04_A028','Aaron Boone',1,10,3,0,'3B','R',94,'MLB 2004 - A001','New York Yankees',19,7,'b','HR,FB,K,K,2B,GB.S,FB.G,1B,GB.S,W,W,','FB.S,FB.R,FB.Y,FB.Y,FB,K.O,FB,K,FB,K,K,','FB.G,GB.S,GB.S,GB.S,K.O,GB,K,GB,K,2B,K,','3B,3B,2B.P,FB,FB.G,FB.G,1B,W,W,FB.S,FB.S,','L,L,D,D,D,,,,,,,',1,2,2,3,6,6);
INSERT INTO players VALUES ('b04_A029','Bill Mueller',2,10,3,0,'3B','S',109,'MLB 2004 - A001','Boston Red Sox',11,7,'b','HR,W,W,FB.Y,K,K,GB.S,GB,1B,W,W,','FB.Y,1B,FB.S,K.O,FB.Y,FB.G,K.O,FB.S,K,FB,K,','1B.P,GB.S,FB.Y,W.D,GB.S,K.O,GB.S,K.O,GB,K,GB,','HR,3B,2B.P,2B,2B,1B.P,FB,FB.S,W,1B,FB.S,','B,B,B,C,C,,,,,,,',1,2,3,4,6,6);
INSERT INTO players VALUES ('b04_A030','Joe Randa',2,9,5,0,'3B','R',90,'MLB 2004 - A001','Kansas City Royals',16,7,'b','HR,K,K,W,W.D,FB.Y,1B,GB.S,GB.S,GB.S,GB.S,','FB.G,FB.Y,FB.Y,FB.G,FB.G,FB,FB,FB,K,FB,FB,','1B.P,GB.S,GB.S,GB,GB,GB,GB,K,GB,K,K,','FB.R,FB.R,2B,2B,1B.P,1B.P,FB.G,FB.S,FB.S,FB.S,FB.S,','C,C,C,W,W,W,,,,,,',1,1,2,3,6,6);
INSERT INTO players VALUES ('b04_A031','A.J. Pierzynski',1,10,5,0,'C','L',99,'MLB 2004 - A001','Minnesota Twins',26,7,'b','HR,W,1B,GB,FB.Y,FB.G,FB.G,FB,GB,FB,GB,','FB.G,FB.R,FB.Y,FB.G,K.O,FB.S,FB,FB.S,FB.S,K,FB.S,','2B,GB.S,GB,GB.S,GB,GB,GB.S,GB,GB,GB.S,K,','3B,2B.P,2B,FB,2B,1B.P,FB,1B,1B,W,1B,','B,B,B,B,B,,,,,,,',2,3,4,5,6,6);
INSERT INTO players VALUES ('b04_A032','Ramon Hernandez',2,8,5,0,'C','R',99,'MLB 2004 - A001','Oakland Athetics',55,7,'b','HR,W,K.O,K.O,K,GB,1B.P,W,W,GB.S,W,','1B.P,FB.R,FB.Y,FB.G,FB.G,FB.S,K,FB,K,FB,K,','FB.G,FB.G,GB.S,GB,GB,K,GB,K,GB,K,GB,','HR,2B,2B,FB.Y,FB.Y,FB.G,1B,1B,FB.S,W,FB.S,','B,B,B,B,D,D,,,,,,',1,1,2,3,6,6);
INSERT INTO players VALUES ('b04_A033','Toby Hall',2,8,4,0,'C','R',84,'MLB 2004 - A001','Tampa Bay Devil Rays',44,7,'b','HR,W,W.D,GB,FB.G,K,FB.G,1B,GB.S,W,GB.S,','FB.S,FB.Y,FB.Y,FB.G,FB,FB.S,FB,FB,K.O,FB,K,','FB.G,GB.S,GB.S,GB.S,GB.S,GB,GB,K.O,GB,K,GB,','2B,2B,1B.P,FB,GB,FB.G,1B,FB.S,FB.S,FB.S,W,','B,B,B,B,B,B,,,,,,',1,1,2,3,6,6);
INSERT INTO players VALUES ('b04_N001','Sean Casey',1,10,4,0,'1B','L',101,'MLB 2004 - A001','Cincinnati Reds',21,7,'b','HR,W,W.D,K,FB,K,GB,1B,W,W.D,GB.S,','FB.G,FB.Y,FB.Y,FB.G,FB.G,FB.S,FB.S,FB,K.O,FB,K,','1B.P,GB.S,GB.S,GB.S,GB.S,GB,GB,K.O,GB,K,GB,','3B,2B,1B.P,GB,GB,FB.G,1B,W,1B,FB.S,FB.S,','L,L,L,L,B,B,,,,,,',2,3,4,5,6,6);
INSERT INTO players VALUES ('b04_N002','Derrek Lee',2,10,5,0,'1B','R',118,'MLB 2004 - A001','Florida Marlins',25,7,'b','HR,HR,HR,FB.Y,FB,FB,K.O,K.O,GB.S,W,W.D,','FB.Y,FB.Y,FB.Y,FB,FB.G,FB.G,FB.S,GB,GB,GB,K,','FB.R,FB.R,GB.S,GB.S,GB.S,GB,GB.S,K,K,K,K,','2B,2B,2B,1B.P,GB,GB.S,GB,GB.S,W,W,K.O,','B,B,B,,,,,,,,,',1,2,2,3,6,6);
INSERT INTO players VALUES ('b04_N005','Ken Griffey Jr.',2,10,4,0,'CF','L',101,'MLB 2004 - A001','Cincinnati Reds',30,7,'b','FB.G,K,K,K,K,K,FB.G,W,GB.S,W.D,W.D,','FB.R,FB.R,FB.R,FB.Y,FB.G,GB.S,K,GB,K,GB,GB,','FB.G,GB.S,FB.G,GB.S,GB,FB,FB,GB,GB,K,K,','HR,2B,1B.P,W.D,FB.Y,FB.G,GB.S,FB.S,W.D,FB.S,FB.S,','C,C,C,C,C,C,C,,,,,',2,3,4,5,6,6);
INSERT INTO players VALUES ('b04_N006','Brad Wilkerson',3,10,4,0,'1B/OF','L',102,'MLB 2004 - A001','Montreal Expos',6,7,'b','HR,HR,FB.R,K,FB.Y,1B.P,1B,1B,GB.S,W,W,','FB.Y,FB.G,FB.Y,FB.Y,FB.S,K,FB,K,FB,K,K,','2B,FB.Y,K.O,GB,K,GB,K,GB,K,GB,GB,','FB.R,3B,2B.P,2B,1B.P,FB.G,2B,FB.S,W,FB.S,FB.S,','P,P,P,P,C,C,C,,,,,',2,3,4,5,6,6);
INSERT INTO players VALUES ('b04_N007','Juan Pierre',1,12,5,0,'CF','L',124,'MLB 2004 - A001','Florida Marlins',9,7,'b','3B,FB.G,3B,FB.G,FB.G,FB.G,1B.P,K,K,K,1B,','FB.Y,FB.S,FB,FB.S,FB.S,FB,FB,FB.S,FB.S,FB.S,FB,','1B.P,GB,GB.S,GB,GB.S,GB.S,GB.S,GB,GB,GB,GB,','2B.P,3B,FB.G,2B,FB,GB,FB,1B.P,W,W,W,','R,R,R,R,R,R,R,R,,,,',2,3,4,5,6,6);
INSERT INTO players VALUES ('b04_N008','Lance Berkman',2,10,3,0,'LF','S',114,'MLB 2004 - A001','Houston Astros',17,7,'b','HR,HR,W,W.D,W.D,1B.P,1B,GB.S,W,GB.S,W,','FB.Y,FB.Y,FB.Y,FB.Y,FB.Y,FB,K,FB,K,FB,K,','1B.P,GB.S,GB.S,GB,GB,K.O,GB,K,GB,K,GB,','3B,3B,2B.P,2B.P,2B,FB.Y,FB.G,1B,FB.S,W,W,','L,L,L,L,P,P,P,,,,,',1,2,3,4,6,6);
INSERT INTO players VALUES ('b04_N009','Jim Edmonds',3,10,5,0,'CF','L',115,'MLB 2004 - A001','St Louis Cardinals',15,7,'b','HR,HR,K,K,FB.Y,1B.P,FB,GB.S,W,GB.S,GB.S,','FB.R,FB.Y,FB.R,FB.Y,FB.G,K,FB.S,K,FB,K,K,','1B.P,2B,FB.Y,FB.G,K,FB.G,K,GB,K,K,K,','HR,FB.G,W.D,2B,1B.P,FB.Y,FB.Y,W,FB.S,FB.S,FB.S,','P,P,P,P,P,P,P,,,,,',1,2,4,5,6,6);
INSERT INTO players VALUES ('b04_N010','J.D. Drew',1,10,5,0,'OF','L',89,'MLB 2004 - A001','St Louis Cardinals',7,7,'b','HR,HR,K,GB,GB,K,GB.S,GB,1B,GB,1B,','FB.Y,FB.G,FB.Y,FB.Y,FB.Y,FB.G,K.O,FB.S,K,FB.S,K,','1B.P,GB.S,GB,GB.S,GB.S,K.O,GB.S,K.O,GB.S,K,K,','3B,3B,3B,W.D,W.D,FB.S,FB,FB.S,FB,1B,1B,','L,L,L,L,L,L,,,,,,',2,3,4,5,6,6);
INSERT INTO players VALUES ('b04_N011','Preston Wilson',2,10,4,0,'CF','R',112,'MLB 2004 - A001','Colorado Rockies',44,7,'b','HR,HR,K,K,1B.P,1B.P,FB.G,1B.P,W,GB.S,GB.S,','FB.Y,FB.Y,FB.Y,FB.Y,K.O,FB,K,FB,K,FB,K,','1B.P,2B,FB.G,FB.S,FB.Y,K.O,GB,K,GB,K,K,','2B,FB.R,2B,2B,K,FB.Y,1B.P,1B,FB.S,W,FB.S,','L,L,L,L,L,L,,,,,,',1,1,2,3,6,6);
INSERT INTO players VALUES ('b04_N012','Richard Hidalgo',3,10,5,0,'RF','R',106,'MLB 2004 - A001','Houston Astros',15,7,'b','HR,HR,FB.R,W.D,K.O,FB.G,GB.S,2B,GB.S,1B,1B,','FB.Y,FB.Y,FB.Y,FB.Y,FB.Y,FB,K.O,FB,K.O,FB,K,','1B.P,GB.S,GB.S,FB.G,W.D,GB.S,GB,K.O,GB,K.O,GB,','2B.P,2B.P,2B,2B,FB.S,FB,2B,FB.S,1B,FB.S,W,','P,P,P,P,P,P,P,P,P,,,',1,1,2,3,6,6);
INSERT INTO players VALUES ('b04_N014','Geoff Jenkins',2,9,5,0,'LF','L',107,'MLB 2004 - A001','Milwaukee Brewers',5,7,'b','HR,3B,K,K,1B.P,K,1B.P,1B,K,W,1B,','FB.Y,FB.Y,FB.Y,FB.Y,K.O,FB.S,K,K,FB.S,K,K,','1B.P,FB.R,GB,GB,FB.Y,K.O,GB.S,GB,K,GB,K,','2B.P,2B.P,2B,2B,K,FB.Y,K,FB.S,W,FB.S,1B,','P,P,P,P,P,,,,,,,',1,2,3,5,6,6);
INSERT INTO players VALUES ('b04_N015','Chipper Jones',3,10,3,0,'LF','S',120,'MLB 2004 - A001','Atlanta Braves',10,7,'b','HR,HR,K,K,K,K,FB,K,K,K,1B,','FB.G,FB.G,FB.Y,FB.Y,FB.G,FB.G,GB.S,FB.S,GB.S,W.D,K,','2B,2B,GB,GB,W.D,W.D,W.D,W.D,GB,FB,K,','3B,FB.Y,FB.R,1B.P,FB.Y,GB.S,K,K,W.D,W,W,','L,L,L,L,D,D,D,,,,,',1,2,3,4,6,6);
INSERT INTO players VALUES ('b04_N016','Marlon Byrd',1,11,4,0,'CF','R',84,'MLB 2004 - A001','Philadelphia Phillies',29,7,'b','HR,GB,GB,GB,GB,GB,K,K,1B,1B,FB.S,','FB.Y,1B,FB.G,FB.G,FB.G,FB.G,FB.S,FB.S,FB,FB,FB,','2B,GB,GB.S,GB.S,GB.S,GB.S,GB,GB,GB,GB,GB,','FB.G,2B.P,1B.P,1B.P,FB,FB,2B,1B,1B,1B,GB.S,','C,C,C,C,C,,,,,,,',1,2,2,3,6,6);
INSERT INTO players VALUES ('b04_N017','Moises Alou',2,9,3,0,'LF','R',89,'MLB 2004 - A001','Chicago Cubs',18,7,'b','HR,K.O,K,K,W.D,W.D,FB.G,GB.S,GB.S,GB.S,GB.S,','FB.Y,FB.Y,FB.Y,FB.Y,FB.G,FB.S,FB,FB,K,FB,K,','1B.P,GB.S,GB.S,GB,GB,GB,GB.S,K,GB,K,K,','2B,2B,2B,2B,1B.P,FB.G,W.D,FB.S,FB.S,FB.S,FB.S,','L,L,L,L,,,,,,,,',1,1,2,3,6,6);
INSERT INTO players VALUES ('b04_A006','Orlando Hudson',3,10,4,0,'2B','S',91,'MLB 2004 - A001','Toronto Blue Jays',3,7,'b','HR,W.D,1B.P,K,FB.G,K,K,1B,W,W,GB.S,','FB.G,FB.Y,FB.G,FB.G,FB,FB.S,FB.S,K,FB,K,K,','1B,FB.G,GB.S,GB.S,GB.S,GB,GB,GB,K,GB,K,','2B.P,2B.P,W,GB,K,FB.G,1B.P,W,1B,FB.S,W,','L,L,L,C,C,C,,,,,,',1,2,3,4,6,6);
INSERT INTO players VALUES ('b04_A007','Hideki Matsui',1,9,4,0,'OF','L',104,'MLB 2004 - A001','New York Yankees',55,7,'b','HR,W,K.O,K,K,K,FB,1B,W,W,1B,','FB.Y,FB.Y,FB.Y,FB.G,FB.G,FB.G,FB.S,K,FB,K,FB,','2B,GB.S,GB.S,GB.S,GB.S,GB,GB,GB,K,GB,K,','FB.R,2B,W.D,GB,GB,1B,FB.G,W,1B,1B,W,','D,D,D,L,L,L,,,,,,',1,2,3,5,6,6);
INSERT INTO players VALUES ('b04_A008','Milton Bradley',2,11,5,0,'CF','S',133,'MLB 2004 - A001','Anaheim Angels',24,7,'b','HR,HR,FB.Y,K.O,K.O,K.O,K,K,K,K,K,','FB.G,GB.S,1B,FB.G,FB.G,FB.S,FB.S,FB.S,FB.S,FB.S,FB.S,','FB.Y,FB.G,FB,FB,GB.S,GB.S,GB.S,K.O,GB,K,K,','FB.G,FB.Y,2B.P,2B,1B.P,FB.G,K,K,W,W,W,','D,D,D,D,D,D,D,D,,,,',1,2,3,4,6,6);
INSERT INTO players VALUES ('b04_A009','Randy Winn',3,11,4,0,'LF','S',120,'MLB 2004 - A001','Seattle Mariners',2,7,'b','HR,2B,FB.Y,2B,1B.P,1B.P,1B,W,GB.S,GB.S,GB.S,','FB.Y,FB.G,FB.S,FB,FB,FB,FB,FB,K,FB,FB,','2B,GB.S,GB,GB.S,GB.S,GB,GB,K,GB,K,K,','FB.R,FB.R,2B,FB.Y,FB.G,FB.G,1B,1B,FB.S,FB.S,FB.S,','R,R,R,R,R,R,C,C,C,,,',1,2,3,4,6,6);
INSERT INTO players VALUES ('b04_A010','Raul Ibanez',1,10,5,0,'LF','L',103,'MLB 2004 - A001','Kansas City Royals',18,7,'b','HR,FB.Y,K.O,K.O,K,K,GB.S,K,GB,GB,1B,','FB.G,2B,FB.Y,FB.Y,FB.G,FB.G,K.O,FB.S,FB.S,K.O,K,','2B,GB.S,FB,GB,GB.S,GB.S,GB.S,K.O,K.O,FB,K,','3B,FB.R,2B.P,1B.P,W,K.O,FB,FB.S,FB.S,W,1B,','D,D,D,P,P,P,,,,,,',2,3,4,5,6,6);
INSERT INTO players VALUES ('b04_A011','Carl Everett',2,10,4,0,'OF','S',118,'MLB 2004 - A001','Chicago White Sox',5,7,'b','HR,HR,FB.R,2B,2B,1B.P,FB.Y,GB.S,GB.S,GB.S,GB.S,','FB.Y,FB.G,FB.S,FB,FB,FB,K.O,FB,K,FB,FB,','2B,FB.Y,GB,GB.S,GB.S,K.O,GB,K.O,GB,K,K,','FB.R,2B,2B,FB.R,FB.Y,FB.Y,1B,W,FB.S,FB.S,FB.S,','L,L,L,L,C,C,C,,,,,',1,2,3,4,6,6);
INSERT INTO players VALUES ('b04_A012','Aubrey Huff',3,9,4,0,'1B/RF','L',113,'MLB 2004 - A001','Tampa Bay Devil Rays',19,7,'b','HR,HR,FB,FB,FB,FB,FB.G,FB,K,K,K,','FB.Y,FB.G,FB.Y,FB.Y,FB.Y,FB.S,K.O,FB.S,FB.S,FB.S,FB.S,','FB.R,FB.Y,GB.S,GB.S,GB,K.O,GB.S,K.O,GB,GB,K,','2B,2B,2B,2B,2B,FB.G,GB,FB.S,1B,1B,1B,','S,S,B,B,B,,,,,,,',1,2,3,5,6,6);
INSERT INTO players VALUES ('b04_A013','Tim Salmon',1,10,3,0,'RF','R',104,'MLB 2004 - A001','Anaheim Angels',15,7,'b','HR,W,K.O,K,FB.Y,GB.S,1B,W,GB.S,GB.S,GB.S,','FB.Y,FB.R,FB.Y,FB.Y,FB,K.O,FB,K.O,FB,K,FB,','FB.Y,GB.S,GB.S,K.O,W.D,GB,GB,GB,K,GB,K,','HR,2B.P,2B,2B,1B.P,FB.G,1B,FB.S,FB.S,FB.S,FB.S,','B,B,B,B,B,B,,,,,,',1,1,2,3,6,6);
INSERT INTO players VALUES ('b04_A015','Juan Gonzalez',3,9,5,0,'RF','R',88,'MLB 2004 - A001','Texas Rangers',19,7,'b','HR,HR,K.O,K,FB,FB.Y,FB,1B,FB,W.D,1B,','FB.Y,FB.G,1B.P,FB.R,FB.G,K.O,FB.S,GB,FB.S,K.O,K,','1B.P,FB.Y,GB,GB.S,K.O,GB.S,K.O,GB.S,GB,GB,GB,','FB.R,W.D,FB.R,2B,FB.Y,GB,FB.G,FB,W,W,W,','S,S,P,P,P,P,P,,,,,',1,2,2,3,5,5);
INSERT INTO players VALUES ('b04_A016','Carlos Beltran',1,12,5,0,'CF','S',135,'MLB 2004 - A001','Kansas City Royals',15,7,'b','HR,K,2B.P,K,K,FB.G,FB.G,K,K,K,1B,','FB.G,FB.R,FB.G,FB.Y,FB.Y,FB,FB,FB.S,FB.S,FB.S,FB,','2B,GB.S,GB,GB.S,GB.S,GB.S,GB.S,GB,GB,GB,GB,','3B,2B.P,FB.R,GB,GB,GB,K,1B,W,W,W,','L,L,L,L,L,C,C,C,C,,,',1,2,3,4,6,6);
INSERT INTO players VALUES ('b04_A080','Ichiro Suzuki',4,12,6,0,'RF','L',138,'MLB 2004 - A001','Seattle Mariners',51,7,'b','HR,3B,FB,FB.Y,FB.G,GB,GB,GB,1B,K,K,','FB.Y,FB.G,FB.Y,FB.S,W.D,FB.S,FB.S,FB.S,FB,FB.S,FB.S,','FB.R,FB.Y,GB,GB,GB.S,W.D,GB.S,GB.S,GB.S,GB,K,','3B,2B,3B,2B.P,1B.P,FB.G,FB,FB,K,1B,1B,','L,L,L,R,R,R,C,C,C,,,',1,2,4,5,6,6);
INSERT INTO players VALUES ('b04_A081','Rocco Baldelli',4,11,5,0,'CF','R',106,'MLB 2004 - A001','Tampa Bay Devil Rays',5,7,'b','HR,3B,W.D,K.O,K,GB,1B.P,GB.S,GB,W,1B,','FB.Y,FB.Y,FB.G,FB.G,FB.G,FB.S,K.O,K.O,FB.S,K,K,','FB.R,GB.S,GB,GB,GB.S,K.O,GB.S,GB.S,K,GB.S,K,','3B,2B,3B,2B.P,FB,FB.G,FB,FB,W,FB,1B,','D,D,D,D,C,C,C,C,C,,,',1,2,2,3,5,5);
INSERT INTO players VALUES ('b04_A082','Alex Rodriguez',4,11,6,0,'SS','R',150,'MLB 2004 - A001','Texas Rangers',3,7,'b','HR,HR,HR,K,FB.R,2B,FB.Y,K,1B,K,1B,','FB.R,FB.Y,W.D,FB.Y,K.O,FB,K.O,FB.S,K,FB.S,K,','1B.P,1B.P,2B,K.O,GB.S,K.O,GB.S,K,GB.S,K,GB,','3B,2B,W.D,2B.P,FB,FB.R,FB,1B.P,K,W,W,','S,S,S,S,S,S,S,,,,,',1,1,2,3,5,5);
INSERT INTO players VALUES ('b04_A083','Eric Hinske',4,10,3,0,'3B','L',76,'MLB 2004 - A001','Toronto Blue Jays',11,7,'b','HR,K.O,K.O,FB.Y,K,2B,GB.S,1B.P,GB.S,W,W,','FB.Y,FB.G,FB.G,K.O,FB.G,K,FB,K,FB,K,K,','2B,GB.S,GB,GB,K.O,GB,K,GB,K,K,K,','FB.Y,2B,2B,2B,FB.Y,FB.G,2B,GB.S,W,FB.S,FB.S,','L,L,L,L,,,,,,,,',2,3,4,5,6,6);
INSERT INTO players VALUES ('b04_A084','Roy Halladay',4,9,0,7,'RSP','R',154,'MLB 2004 - A001','Toronto Blue Jays',32,7,'p','GB,GB,GB,GB,1B,FB.G,FB.G,FB.Y,FB.Y,W.D,GB.S,','K,K,K,FB,K,K.O,K.O,FB.S,FB.S,FB.G,FB.Y,','K,K,GB,K,GB,GB,GB,K.O,GB.S,GB.S,GB.S,','GB,GB,K,W.D,FB.S,FB.S,FB.S,FB.G,2B,FB.Y,HR,','O,O,O,Y,Y,Y,Y,,,,,',1,2,2,3,5,5);

--
-- Table structure for table `roll`
--

CREATE TABLE roll (
  nr varchar(64) NOT NULL default '',
  p1 varchar(128) NOT NULL default '',
  p2 varchar(128) NOT NULL default '',
  die varchar(16) NOT NULL default ''
) TYPE=MyISAM;

--
-- Dumping data for table `roll`
--

INSERT INTO roll VALUES ('0.166963001081162060','stefan','simmel','white');
INSERT INTO roll VALUES ('0.609205001081224618','jester313','jester313','black');
INSERT INTO roll VALUES ('0.876982001081300696','jester313','jester313','blue');
INSERT INTO roll VALUES ('0.539540001081949765','','','red');
INSERT INTO roll VALUES ('0.574941001081950474','','','red');
INSERT INTO roll VALUES ('0.307728001082202801','','','black');
INSERT INTO roll VALUES ('0.640861001082282706','stefam','bamf226','white');
INSERT INTO roll VALUES ('0.632091001082388126','bamf226','','red');
INSERT INTO roll VALUES ('0.817425001084564400','','','white');
INSERT INTO roll VALUES ('0.207100001083598184','bamf226','stefan','black');
INSERT INTO roll VALUES ('0.957993001085575649','','','white');

--
-- Table structure for table `scoreboard`
--

CREATE TABLE scoreboard (
  game bigint(20) NOT NULL default '0',
  rvisitor int(11) NOT NULL default '0',
  rhome int(11) NOT NULL default '0',
  inning int(11) NOT NULL default '0'
) TYPE=MyISAM;

--
-- Dumping data for table `scoreboard`
--


--
-- Table structure for table `team`
--

CREATE TABLE team (
  game bigint(20) NOT NULL default '0',
  team int(11) NOT NULL default '0',
  player varchar(16) NOT NULL default '',
  position varchar(16) NOT NULL default '',
  border int(11) NOT NULL default '0',
  click int(11) NOT NULL default '0'
) TYPE=MyISAM;

--
-- Dumping data for table `team`
--

INSERT INTO team VALUES (0,1,'b04_A054','P',9,0);
INSERT INTO team VALUES (0,1,'b04_A034','C',7,0);
INSERT INTO team VALUES (0,1,'b04_N003','1B',4,0);
INSERT INTO team VALUES (0,1,'b04_N048','2B',8,0);
INSERT INTO team VALUES (0,1,'b04_A040','3B',2,0);
INSERT INTO team VALUES (0,1,'b04_N037','SS',1,0);
INSERT INTO team VALUES (0,1,'b04_A014','LF',5,0);
INSERT INTO team VALUES (0,1,'b04_N004','CF',6,0);
INSERT INTO team VALUES (0,1,'b04_A059','RF',3,0);
INSERT INTO team VALUES (0,2,'b04_N033','P',9,0);
INSERT INTO team VALUES (0,2,'b04_N021','C',7,0);
INSERT INTO team VALUES (0,2,'b04_A001','1B',4,0);
INSERT INTO team VALUES (0,2,'b04_A005','2B',8,0);
INSERT INTO team VALUES (0,2,'b04_N050','3B',2,0);
INSERT INTO team VALUES (0,2,'b04_A025','SS',1,0);
INSERT INTO team VALUES (0,2,'b04_N013','LF',5,0);
INSERT INTO team VALUES (0,2,'b04_A017','CF',6,0);
INSERT INTO team VALUES (0,2,'b04_N018','RF',3,0);
INSERT INTO team VALUES (0,3,'b04_A066','SS',9,0);
INSERT INTO team VALUES (0,4,'b04_N082','P',1,0);
INSERT INTO team VALUES (0,3,'b04_A044','B',0,0);
INSERT INTO team VALUES (0,3,'b04_A046','B',0,0);
INSERT INTO team VALUES (0,3,'b04_A065','P',0,0);
INSERT INTO team VALUES (0,3,'b04_A034','C',8,0);
INSERT INTO team VALUES (0,3,'b04_A064','LF',7,0);
INSERT INTO team VALUES (0,3,'b04_A029','3B',6,0);
INSERT INTO team VALUES (0,3,'b04_A023','1B',5,0);
INSERT INTO team VALUES (0,3,'b04_A020','RF',4,0);
INSERT INTO team VALUES (0,3,'b04_A043','DH',3,0);
INSERT INTO team VALUES (0,3,'b04_A004','2B',2,0);
INSERT INTO team VALUES (0,3,'b04_A037','CF',1,0);
INSERT INTO team VALUES (0,5,'b04_N050','3B',9,0);
INSERT INTO team VALUES (0,5,'b04_A070','DH',8,0);
INSERT INTO team VALUES (0,5,'b04_A031','C',7,0);
INSERT INTO team VALUES (0,5,'b04_N043','2B',6,0);
INSERT INTO team VALUES (0,5,'b04_N072','RF',5,0);
INSERT INTO team VALUES (0,5,'b04_A001','1B',4,0);
INSERT INTO team VALUES (0,5,'b04_A014','LF',3,0);
INSERT INTO team VALUES (0,5,'b04_A037','CF',2,0);
INSERT INTO team VALUES (0,5,'b04_A075','SS',1,0);
INSERT INTO team VALUES (0,5,'b04_N025','P',0,0);
INSERT INTO team VALUES (0,5,'b04_A052','B',0,0);
INSERT INTO team VALUES (0,5,'b04_A046','B',0,0);
INSERT INTO team VALUES (0,5,'b04_A054','B',0,0);
INSERT INTO team VALUES (0,5,'b04_A076','B',0,0);
INSERT INTO team VALUES (0,3,'b04_A007','B',0,0);
INSERT INTO team VALUES (0,3,'b04_A003','B',0,0);
INSERT INTO team VALUES (0,3,'b04_A019','B',0,0);

